{"id":9731,"date":"2025-09-13T15:09:03","date_gmt":"2025-09-13T14:09:03","guid":{"rendered":"https:\/\/verbumdei.org\/porto\/?page_id=9731"},"modified":"2025-09-13T15:52:47","modified_gmt":"2025-09-13T14:52:47","slug":"elementor-9731","status":"publish","type":"page","link":"https:\/\/verbumdei.org\/porto\/elementor-9731\/","title":{"rendered":"Elementor #9731"},"content":{"rendered":"\t\t<div data-elementor-type=\"wp-page\" data-elementor-id=\"9731\" class=\"elementor elementor-9731\">\n\t\t\t\t<div class=\"elementor-element elementor-element-02d3d70 e-flex e-con-boxed e-con e-parent\" data-id=\"02d3d70\" data-element_type=\"container\" data-e-type=\"container\">\n\t\t\t\t\t<div class=\"e-con-inner\">\n\t\t\t\t<div class=\"elementor-element elementor-element-063bc23 elementor-widget elementor-widget-heading\" data-id=\"063bc23\" data-element_type=\"widget\" data-e-type=\"widget\" data-widget_type=\"heading.default\">\n\t\t\t\t\t<h2 class=\"elementor-heading-title elementor-size-default\">No Seu Amor ser Um<\/h2>\t\t\t\t<\/div>\n\t\t\t\t\t<\/div>\n\t\t\t\t<\/div>\n\t\t<div class=\"elementor-element elementor-element-c4977d8 e-flex e-con-boxed e-con e-parent\" data-id=\"c4977d8\" data-element_type=\"container\" data-e-type=\"container\">\n\t\t\t\t\t<div class=\"e-con-inner\">\n\t\t\t\t<div class=\"elementor-element elementor-element-ac187bf elementor-widget elementor-widget-heading\" data-id=\"ac187bf\" data-element_type=\"widget\" data-e-type=\"widget\" data-widget_type=\"heading.default\">\n\t\t\t\t\t<h2 class=\"elementor-heading-title elementor-size-default\">o nosso lema 2025\/2026<\/h2>\t\t\t\t<\/div>\n\t\t\t\t\t<\/div>\n\t\t\t\t<\/div>\n\t\t<div class=\"elementor-element elementor-element-c7b985b e-flex e-con-boxed e-con e-parent\" data-id=\"c7b985b\" data-element_type=\"container\" data-e-type=\"container\">\n\t\t\t\t\t<div class=\"e-con-inner\">\n\t\t\t\t<div class=\"elementor-element elementor-element-07755ab elementor-widget elementor-widget-image\" data-id=\"07755ab\" data-element_type=\"widget\" data-e-type=\"widget\" data-widget_type=\"image.default\">\n\t\t\t\t\t\t\t\t\t\t\t\t\t\t\t<img fetchpriority=\"high\" decoding=\"async\" width=\"1920\" height=\"578\" src=\"https:\/\/verbumdei.org\/porto\/wp-content\/uploads\/2025\/09\/BANNER-no-seu-amor-ser-um-c71df9.svg\" class=\"attachment-full size-full wp-image-9708\" alt=\"\" \/>\t\t\t\t\t\t\t\t\t\t\t\t\t\t\t<\/div>\n\t\t\t\t\t<\/div>\n\t\t\t\t<\/div>\n\t\t<div class=\"elementor-element elementor-element-c7c61b1 e-flex e-con-boxed e-con e-parent\" data-id=\"c7c61b1\" data-element_type=\"container\" data-e-type=\"container\">\n\t\t\t\t\t<div class=\"e-con-inner\">\n\t\t\t\t<div class=\"elementor-element elementor-element-a8428ac elementor-widget elementor-widget-text-editor\" data-id=\"a8428ac\" data-element_type=\"widget\" data-e-type=\"widget\" data-widget_type=\"text-editor.default\">\n\t\t\t\t\t\t\t\t\t<p><strong>No Seu Amor ser Um: o nosso lema para 2025\/2026<\/strong><\/p><p>Fam\u00edlia Verbum Dei Norte,<\/p><p>Para este ano pastoral de 2025\/2026, escolhemos um lema que ressoa profundamente com a ess\u00eancia do nosso carisma e da nossa f\u00e9: <strong>&#8220;No Seu Amor ser Um&#8221;<\/strong>. Esta frase inspiradora tem a sua raiz nas palavras de Jesus no Evangelho de S\u00e3o Jo\u00e3o, cap\u00edtulo 17, vers\u00edculo 21: <strong>&#8220;Que todos sejam um, como Tu, \u00f3 Pai, est\u00e1s em mim e eu em Ti; que tamb\u00e9m eles estejam em n\u00f3s, para que o mundo creia que Tu me enviaste.&#8221; <\/strong>Este lema convida-nos a uma reflex\u00e3o profunda sobre o que Deus \u00e9 e o que n\u00f3s, como Seus filhos, somos chamados a ser.<\/p><p><strong>A Ess\u00eancia da Comunh\u00e3o no Amor de Deus<\/strong><\/p><p>Deus, em Sua natureza mais \u00edntima, \u00e9 comunh\u00e3o: Ele \u00e9 a Sant\u00edssima Trindade \u2013 Pai, Filho e Esp\u00edrito Santo \u2013 uma uni\u00e3o perfeita de amor. A vida de Jesus, como nos \u00e9 revelado nas Escrituras, foi inteiramente dedicada a <strong>criar e oferecer esta comunh\u00e3o<\/strong>. Ele viveu em plena comunh\u00e3o com o Pai e o Esp\u00edrito Santo, e o Seu desejo \u00e9 que todos participemos dessa mesma unidade e amor.<\/p><p>Recordamos como Jesus congregava as pessoas \u00e0 Sua volta, unindo-as e convidando-as a fazer parte da Sua fam\u00edlia. Ele procura em n\u00f3s, Seus filhos, a comunh\u00e3o, querendo ver-nos unidos e em sintonia, apesar das nossas diferen\u00e7as. O Reino de Deus, que Jesus constr\u00f3i, \u00e9 um reino de comunh\u00e3o, e o Seu amor \u00e9 um amor de comunh\u00e3o, que cria unidade tanto interior como exterior.<\/p><p><strong>O Carisma Verbum Dei e o Chamado \u00e0 Unidade<\/strong><\/p><p>Na Fam\u00edlia Mission\u00e1ria Verbum Dei, vivemos a nossa miss\u00e3o com o esp\u00edrito da primeira comunidade crist\u00e3. Eles estavam unidos na ora\u00e7\u00e3o, na fra\u00e7\u00e3o do p\u00e3o, na comunh\u00e3o fraterna de bens e no ensinamento da Palavra. Este lema &#8220;No Seu Amor ser Um&#8221; \u00e9 um apelo a reproduzir e revelar, de forma vivencial, pessoal e comunit\u00e1ria, o rosto do Deus Uno e Trino, identificando-nos o mais poss\u00edvel com o Verbo de Deus feito carne.<\/p><p>A nossa espiritualidade, profundamente enraizada na experi\u00eancia do amor de Deus, leva-nos a amar como Ele nos amou. \u00c9 a partir desta uni\u00e3o com Deus, em Cristo, que nasce a verdadeira viv\u00eancia do amor fraterno e a realiza\u00e7\u00e3o de uma aut\u00eantica comunh\u00e3o mission\u00e1ria. O nosso fundador, Padre Jaime Bonet, ensinou-nos que a f\u00e9 \u00e9 fortalecida ao ser partilhada, e que esta f\u00e9 se propaga atrav\u00e9s do cont\u00e1gio do amor.<\/p><p>A miss\u00e3o espec\u00edfica da Fam\u00edlia Mission\u00e1ria Verbum Dei centra-se em <strong>orar a Palavra, assimil\u00e1-la at\u00e9 a fazer vida pr\u00f3pria, transformar-nos nela e ensin\u00e1-la assim aos outros, para que a orem, a vivam e a ensinem vivencialmente<\/strong>. Esta miss\u00e3o de forma\u00e7\u00e3o de ap\u00f3stolos e de gera\u00e7\u00e3o de comunidades evangelizadoras \u00e9 impulsionada pela viv\u00eancia da comunh\u00e3o. O amor fraterno, o respeito pelas diferen\u00e7as e a ajuda m\u00fatua s\u00e3o distintivos que nos permitem construir uma verdadeira fam\u00edlia de f\u00e9.<\/p><p><strong>Viver a Unidade no Dia a Dia<\/strong><\/p><p>O convite &#8220;No Seu Amor ser Um&#8221; interpela-nos a colaborar ativamente na constru\u00e7\u00e3o do Reino de Deus. Como podemos viver isto no nosso quotidiano?<\/p><ul><li>Nas nossas fam\u00edlias, ambientes de estudo e trabalho, e comunidades de f\u00e9, somos chamados a ser la\u00e7os humanos que atraem as pessoas a Deus, manifestando o amor, a humildade, o servi\u00e7o e o perd\u00e3o de Jesus.<\/li><li>Atrav\u00e9s da ora\u00e7\u00e3o di\u00e1ria com a Palavra de Deus, cultivamos a nossa rela\u00e7\u00e3o com Ele, permitindo que a Sua vida e amor se tornem a fonte da nossa pr\u00f3pria vida e miss\u00e3o.<\/li><li>No testemunho da nossa vida, procuramos ser fermento no meio da massa, vivendo no mundo sem ser do mundo.<\/li><\/ul><p>\u00a0<\/p><p>Este lema \u00e9 um desafio para que, como Fam\u00edlia Verbum Dei do Norte, continuemos a ser um sinal vis\u00edvel do amor de Cristo. Que a nossa uni\u00e3o no Seu Amor inspire muitos a crer e a encontrar a alegria de pertencer \u00e0 grande fam\u00edlia de Deus. Que o Esp\u00edrito Santo nos guie, para que o nosso &#8220;sim&#8221; di\u00e1rio, id\u00eantico ao de Maria, transforme a nossa realidade e o mundo \u00e0 nossa volta.<\/p><p>Com alegria e esperan\u00e7a, convido-vos a abra\u00e7ar este lema, vivendo cada dia na certeza de que &#8220;a esperan\u00e7a n\u00e3o engana, porque o amor de Deus foi derramado nos nossos cora\u00e7\u00f5es pelo Esp\u00edrito Santo que nos foi dado&#8221; (Rm 5,5).<\/p>\t\t\t\t\t\t\t\t<\/div>\n\t\t\t\t\t<\/div>\n\t\t\t\t<\/div>\n\t\t<div class=\"elementor-element elementor-element-65bc6ed e-flex e-con-boxed e-con e-parent\" data-id=\"65bc6ed\" data-element_type=\"container\" data-e-type=\"container\">\n\t\t\t\t\t<div class=\"e-con-inner\">\n\t\t\t\t<div class=\"elementor-element elementor-element-454de85 elementor-widget elementor-widget-image\" data-id=\"454de85\" data-element_type=\"widget\" data-e-type=\"widget\" data-widget_type=\"image.default\">\n\t\t\t\t\t\t\t\t\t\t\t\t\t\t\t<img decoding=\"async\" width=\"1024\" height=\"1024\" src=\"https:\/\/verbumdei.org\/porto\/wp-content\/uploads\/2025\/09\/ChatGPT-Image-12_09_2025-22_30_03.png\" class=\"attachment-large size-large wp-image-9700\" alt=\"\" srcset=\"https:\/\/verbumdei.org\/porto\/wp-content\/uploads\/2025\/09\/ChatGPT-Image-12_09_2025-22_30_03.png 1024w, https:\/\/verbumdei.org\/porto\/wp-content\/uploads\/2025\/09\/ChatGPT-Image-12_09_2025-22_30_03-300x300.png 300w, https:\/\/verbumdei.org\/porto\/wp-content\/uploads\/2025\/09\/ChatGPT-Image-12_09_2025-22_30_03-150x150.png 150w, https:\/\/verbumdei.org\/porto\/wp-content\/uploads\/2025\/09\/ChatGPT-Image-12_09_2025-22_30_03-768x768.png 768w\" sizes=\"(max-width: 1024px) 100vw, 1024px\" \/>\t\t\t\t\t\t\t\t\t\t\t\t\t\t\t<\/div>\n\t\t\t\t\t<\/div>\n\t\t\t\t<\/div>\n\t\t\t\t<\/div>\n\t\t","protected":false},"excerpt":{"rendered":"<p>No Seu Amor ser Um o nosso lema 2025\/2026 No Seu Amor ser Um: o nosso lema para 2025\/2026 Fam\u00edlia Verbum Dei Norte, Para este ano pastoral de 2025\/2026, escolhemos<a href=\"https:\/\/verbumdei.org\/porto\/elementor-9731\/\" rel=\"bookmark\"><span class=\"screen-reader-text\">Elementor #9731<\/span><\/a><\/p>\n","protected":false},"author":8,"featured_media":0,"parent":0,"menu_order":0,"comment_status":"closed","ping_status":"closed","template":"page-templates\/template-pagebuilder-full-width.php","meta":{"rop_custom_images_group":[],"rop_custom_messages_group":[],"rop_publish_now":"initial","rop_publish_now_accounts":[],"rop_publish_now_history":[],"rop_publish_now_status":"pending","neve_meta_sidebar":"","neve_meta_container":"","neve_meta_enable_content_width":"","neve_meta_content_width":0,"neve_meta_title_alignment":"","neve_meta_author_avatar":"","neve_post_elements_order":"","neve_meta_disable_header":"","neve_meta_disable_footer":"","neve_meta_disable_title":"","_themeisle_gutenberg_block_has_review":false,"footnotes":""},"class_list":["post-9731","page","type-page","status-publish","hentry"],"yoast_head":"<!-- This site is optimized with the Yoast SEO plugin v27.5 - https:\/\/yoast.com\/product\/yoast-seo-wordpress\/ -->\n<title>Elementor #9731 - Verbum Dei Norte<\/title>\n<meta name=\"robots\" content=\"index, follow, max-snippet:-1, max-image-preview:large, max-video-preview:-1\" \/>\n<link rel=\"canonical\" href=\"https:\/\/verbumdei.org\/porto\/elementor-9731\/\" \/>\n<meta property=\"og:locale\" content=\"pt_PT\" \/>\n<meta property=\"og:type\" content=\"article\" \/>\n<meta property=\"og:title\" content=\"Elementor #9731 - Verbum Dei Norte\" \/>\n<meta property=\"og:description\" content=\"No Seu Amor ser Um o nosso lema 2025\/2026 No Seu Amor ser Um: o nosso lema para 2025\/2026 Fam\u00edlia Verbum Dei Norte, Para este ano pastoral de 2025\/2026, escolhemosElementor #9731\" \/>\n<meta property=\"og:url\" content=\"https:\/\/verbumdei.org\/porto\/elementor-9731\/\" \/>\n<meta property=\"og:site_name\" content=\"Verbum Dei Norte\" \/>\n<meta property=\"article:publisher\" content=\"https:\/\/www.facebook.com\/vdportoaveiro\/\" \/>\n<meta property=\"article:modified_time\" content=\"2025-09-13T14:52:47+00:00\" \/>\n<meta property=\"og:image\" content=\"http:\/\/verbumdei.org\/porto\/wp-content\/uploads\/2025\/09\/BANNER-no-seu-amor-ser-um-c71df9.svg\" \/>\n<meta name=\"twitter:card\" content=\"summary_large_image\" \/>\n<meta name=\"twitter:label1\" content=\"Tempo estimado de leitura\" \/>\n\t<meta name=\"twitter:data1\" content=\"5 minutos\" \/>\n<script type=\"application\/ld+json\" class=\"yoast-schema-graph\">{\"@context\":\"https:\\\/\\\/schema.org\",\"@graph\":[{\"@type\":\"WebPage\",\"@id\":\"https:\\\/\\\/verbumdei.org\\\/porto\\\/elementor-9731\\\/\",\"url\":\"https:\\\/\\\/verbumdei.org\\\/porto\\\/elementor-9731\\\/\",\"name\":\"Elementor #9731 - Verbum Dei Norte\",\"isPartOf\":{\"@id\":\"https:\\\/\\\/verbumdei.org\\\/porto\\\/#website\"},\"primaryImageOfPage\":{\"@id\":\"https:\\\/\\\/verbumdei.org\\\/porto\\\/elementor-9731\\\/#primaryimage\"},\"image\":{\"@id\":\"https:\\\/\\\/verbumdei.org\\\/porto\\\/elementor-9731\\\/#primaryimage\"},\"thumbnailUrl\":\"http:\\\/\\\/verbumdei.org\\\/porto\\\/wp-content\\\/uploads\\\/2025\\\/09\\\/BANNER-no-seu-amor-ser-um-c71df9.svg\",\"datePublished\":\"2025-09-13T14:09:03+00:00\",\"dateModified\":\"2025-09-13T14:52:47+00:00\",\"breadcrumb\":{\"@id\":\"https:\\\/\\\/verbumdei.org\\\/porto\\\/elementor-9731\\\/#breadcrumb\"},\"inLanguage\":\"pt-PT\",\"potentialAction\":[{\"@type\":\"ReadAction\",\"target\":[\"https:\\\/\\\/verbumdei.org\\\/porto\\\/elementor-9731\\\/\"]}]},{\"@type\":\"ImageObject\",\"inLanguage\":\"pt-PT\",\"@id\":\"https:\\\/\\\/verbumdei.org\\\/porto\\\/elementor-9731\\\/#primaryimage\",\"url\":\"http:\\\/\\\/verbumdei.org\\\/porto\\\/wp-content\\\/uploads\\\/2025\\\/09\\\/BANNER-no-seu-amor-ser-um-c71df9.svg\",\"contentUrl\":\"http:\\\/\\\/verbumdei.org\\\/porto\\\/wp-content\\\/uploads\\\/2025\\\/09\\\/BANNER-no-seu-amor-ser-um-c71df9.svg\"},{\"@type\":\"BreadcrumbList\",\"@id\":\"https:\\\/\\\/verbumdei.org\\\/porto\\\/elementor-9731\\\/#breadcrumb\",\"itemListElement\":[{\"@type\":\"ListItem\",\"position\":1,\"name\":\"In\u00edcio\",\"item\":\"https:\\\/\\\/verbumdei.org\\\/porto\\\/\"},{\"@type\":\"ListItem\",\"position\":2,\"name\":\"Elementor #9731\"}]},{\"@type\":\"WebSite\",\"@id\":\"https:\\\/\\\/verbumdei.org\\\/porto\\\/#website\",\"url\":\"https:\\\/\\\/verbumdei.org\\\/porto\\\/\",\"name\":\"Verbum Dei Portugal Norte\",\"description\":\"Mission\u00e1rios Verbum Dei no Porto e Aveiro: ora\u00e7\u00e3o, retiro espiritual, forma\u00e7\u00e3o crist\u00e3 e evangeliza\u00e7\u00e3o\",\"publisher\":{\"@id\":\"https:\\\/\\\/verbumdei.org\\\/porto\\\/#organization\"},\"potentialAction\":[{\"@type\":\"SearchAction\",\"target\":{\"@type\":\"EntryPoint\",\"urlTemplate\":\"https:\\\/\\\/verbumdei.org\\\/porto\\\/?s={search_term_string}\"},\"query-input\":{\"@type\":\"PropertyValueSpecification\",\"valueRequired\":true,\"valueName\":\"search_term_string\"}}],\"inLanguage\":\"pt-PT\"},{\"@type\":\"Organization\",\"@id\":\"https:\\\/\\\/verbumdei.org\\\/porto\\\/#organization\",\"name\":\"Verbum Dei Portugal Norte\",\"url\":\"https:\\\/\\\/verbumdei.org\\\/porto\\\/\",\"logo\":{\"@type\":\"ImageObject\",\"inLanguage\":\"pt-PT\",\"@id\":\"https:\\\/\\\/verbumdei.org\\\/porto\\\/#\\\/schema\\\/logo\\\/image\\\/\",\"url\":\"https:\\\/\\\/verbumdei.org\\\/porto\\\/wp-content\\\/uploads\\\/2018\\\/07\\\/Logo2.jpg\",\"contentUrl\":\"https:\\\/\\\/verbumdei.org\\\/porto\\\/wp-content\\\/uploads\\\/2018\\\/07\\\/Logo2.jpg\",\"width\":123,\"height\":120,\"caption\":\"Verbum Dei Portugal Norte\"},\"image\":{\"@id\":\"https:\\\/\\\/verbumdei.org\\\/porto\\\/#\\\/schema\\\/logo\\\/image\\\/\"},\"sameAs\":[\"https:\\\/\\\/www.facebook.com\\\/vdportoaveiro\\\/\",\"https:\\\/\\\/instagram.com\\\/verbumdei.portugal.norte\\\/\"]}]}<\/script>\n<!-- \/ Yoast SEO plugin. -->","yoast_head_json":{"title":"Elementor #9731 - Verbum Dei Norte","robots":{"index":"index","follow":"follow","max-snippet":"max-snippet:-1","max-image-preview":"max-image-preview:large","max-video-preview":"max-video-preview:-1"},"canonical":"https:\/\/verbumdei.org\/porto\/elementor-9731\/","og_locale":"pt_PT","og_type":"article","og_title":"Elementor #9731 - Verbum Dei Norte","og_description":"No Seu Amor ser Um o nosso lema 2025\/2026 No Seu Amor ser Um: o nosso lema para 2025\/2026 Fam\u00edlia Verbum Dei Norte, Para este ano pastoral de 2025\/2026, escolhemosElementor #9731","og_url":"https:\/\/verbumdei.org\/porto\/elementor-9731\/","og_site_name":"Verbum Dei Norte","article_publisher":"https:\/\/www.facebook.com\/vdportoaveiro\/","article_modified_time":"2025-09-13T14:52:47+00:00","og_image":[{"url":"http:\/\/verbumdei.org\/porto\/wp-content\/uploads\/2025\/09\/BANNER-no-seu-amor-ser-um-c71df9.svg","type":"","width":"","height":""}],"twitter_card":"summary_large_image","twitter_misc":{"Tempo estimado de leitura":"5 minutos"},"schema":{"@context":"https:\/\/schema.org","@graph":[{"@type":"WebPage","@id":"https:\/\/verbumdei.org\/porto\/elementor-9731\/","url":"https:\/\/verbumdei.org\/porto\/elementor-9731\/","name":"Elementor #9731 - Verbum Dei Norte","isPartOf":{"@id":"https:\/\/verbumdei.org\/porto\/#website"},"primaryImageOfPage":{"@id":"https:\/\/verbumdei.org\/porto\/elementor-9731\/#primaryimage"},"image":{"@id":"https:\/\/verbumdei.org\/porto\/elementor-9731\/#primaryimage"},"thumbnailUrl":"http:\/\/verbumdei.org\/porto\/wp-content\/uploads\/2025\/09\/BANNER-no-seu-amor-ser-um-c71df9.svg","datePublished":"2025-09-13T14:09:03+00:00","dateModified":"2025-09-13T14:52:47+00:00","breadcrumb":{"@id":"https:\/\/verbumdei.org\/porto\/elementor-9731\/#breadcrumb"},"inLanguage":"pt-PT","potentialAction":[{"@type":"ReadAction","target":["https:\/\/verbumdei.org\/porto\/elementor-9731\/"]}]},{"@type":"ImageObject","inLanguage":"pt-PT","@id":"https:\/\/verbumdei.org\/porto\/elementor-9731\/#primaryimage","url":"http:\/\/verbumdei.org\/porto\/wp-content\/uploads\/2025\/09\/BANNER-no-seu-amor-ser-um-c71df9.svg","contentUrl":"http:\/\/verbumdei.org\/porto\/wp-content\/uploads\/2025\/09\/BANNER-no-seu-amor-ser-um-c71df9.svg"},{"@type":"BreadcrumbList","@id":"https:\/\/verbumdei.org\/porto\/elementor-9731\/#breadcrumb","itemListElement":[{"@type":"ListItem","position":1,"name":"In\u00edcio","item":"https:\/\/verbumdei.org\/porto\/"},{"@type":"ListItem","position":2,"name":"Elementor #9731"}]},{"@type":"WebSite","@id":"https:\/\/verbumdei.org\/porto\/#website","url":"https:\/\/verbumdei.org\/porto\/","name":"Verbum Dei Portugal Norte","description":"Mission\u00e1rios Verbum Dei no Porto e Aveiro: ora\u00e7\u00e3o, retiro espiritual, forma\u00e7\u00e3o crist\u00e3 e evangeliza\u00e7\u00e3o","publisher":{"@id":"https:\/\/verbumdei.org\/porto\/#organization"},"potentialAction":[{"@type":"SearchAction","target":{"@type":"EntryPoint","urlTemplate":"https:\/\/verbumdei.org\/porto\/?s={search_term_string}"},"query-input":{"@type":"PropertyValueSpecification","valueRequired":true,"valueName":"search_term_string"}}],"inLanguage":"pt-PT"},{"@type":"Organization","@id":"https:\/\/verbumdei.org\/porto\/#organization","name":"Verbum Dei Portugal Norte","url":"https:\/\/verbumdei.org\/porto\/","logo":{"@type":"ImageObject","inLanguage":"pt-PT","@id":"https:\/\/verbumdei.org\/porto\/#\/schema\/logo\/image\/","url":"https:\/\/verbumdei.org\/porto\/wp-content\/uploads\/2018\/07\/Logo2.jpg","contentUrl":"https:\/\/verbumdei.org\/porto\/wp-content\/uploads\/2018\/07\/Logo2.jpg","width":123,"height":120,"caption":"Verbum Dei Portugal Norte"},"image":{"@id":"https:\/\/verbumdei.org\/porto\/#\/schema\/logo\/image\/"},"sameAs":["https:\/\/www.facebook.com\/vdportoaveiro\/","https:\/\/instagram.com\/verbumdei.portugal.norte\/"]}]}},"jetpack_sharing_enabled":true,"_links":{"self":[{"href":"https:\/\/verbumdei.org\/porto\/wp-json\/wp\/v2\/pages\/9731","targetHints":{"allow":["GET"]}}],"collection":[{"href":"https:\/\/verbumdei.org\/porto\/wp-json\/wp\/v2\/pages"}],"about":[{"href":"https:\/\/verbumdei.org\/porto\/wp-json\/wp\/v2\/types\/page"}],"author":[{"embeddable":true,"href":"https:\/\/verbumdei.org\/porto\/wp-json\/wp\/v2\/users\/8"}],"replies":[{"embeddable":true,"href":"https:\/\/verbumdei.org\/porto\/wp-json\/wp\/v2\/comments?post=9731"}],"version-history":[{"count":5,"href":"https:\/\/verbumdei.org\/porto\/wp-json\/wp\/v2\/pages\/9731\/revisions"}],"predecessor-version":[{"id":9743,"href":"https:\/\/verbumdei.org\/porto\/wp-json\/wp\/v2\/pages\/9731\/revisions\/9743"}],"wp:attachment":[{"href":"https:\/\/verbumdei.org\/porto\/wp-json\/wp\/v2\/media?parent=9731"}],"curies":[{"name":"wp","href":"https:\/\/api.w.org\/{rel}","templated":true}]}}