{"id":458,"date":"2016-12-11T11:56:26","date_gmt":"2016-12-11T11:56:26","guid":{"rendered":"http:\/\/verbumdei.pt\/?page_id=458"},"modified":"2025-11-11T16:13:02","modified_gmt":"2025-11-11T15:13:02","slug":"noticias","status":"publish","type":"page","link":"https:\/\/verbumdei.org\/porto\/noticias\/","title":{"rendered":"Not\u00edcias"},"content":{"rendered":"\t\t<div data-elementor-type=\"wp-page\" data-elementor-id=\"458\" class=\"elementor elementor-458\">\n\t\t\t\t<div class=\"elementor-element elementor-element-3d4c7d2 e-flex e-con-boxed e-con e-parent\" data-id=\"3d4c7d2\" data-element_type=\"container\" data-e-type=\"container\">\n\t\t\t\t\t<div class=\"e-con-inner\">\n\t\t\t\t<div class=\"elementor-element elementor-element-c853ae9 elementor-widget elementor-widget-heading\" data-id=\"c853ae9\" data-element_type=\"widget\" data-e-type=\"widget\" data-widget_type=\"heading.default\">\n\t\t\t\t\t<h2 class=\"elementor-heading-title elementor-size-default\">\ud83c\udf3f\u2728 30 anos da Fam\u00edlia Mission\u00e1ria Verbum Dei Norte \u2728\ud83c\udf3f<\/h2>\t\t\t\t<\/div>\n\t\t\t\t\t<\/div>\n\t\t\t\t<\/div>\n\t\t<div class=\"elementor-element elementor-element-498e3d39 e-flex e-con-boxed e-con e-parent\" data-id=\"498e3d39\" data-element_type=\"container\" data-e-type=\"container\">\n\t\t\t\t\t<div class=\"e-con-inner\">\n\t\t\t\t<div class=\"elementor-element elementor-element-5c259f88 elementor-widget elementor-widget-text-editor\" data-id=\"5c259f88\" data-element_type=\"widget\" data-e-type=\"widget\" data-widget_type=\"text-editor.default\">\n\t\t\t\t\t\t\t\t\t<p style=\"text-align: center;\"><span style=\"font-size: 18pt; color: #000000;\">\u201cNo Seu Amor ser Um\u201d (cf. Jo 17,21) \ud83d\udc9a<\/span><\/p><p style=\"text-align: left;\"><span style=\"font-size: 14pt; color: #000000;\">No passado dia 21 de setembro, no Conventinho de Contumil, celebramos juntos a vida e a miss\u00e3o que partilhamos, olhando com gratid\u00e3o o caminho percorrido e abrindo o cora\u00e7\u00e3o ao futuro que Deus nos confia.<\/span><\/p><p><span style=\"font-size: 14pt; color: #000000;\">Queremos que este dia de a\u00e7\u00e3o de gra\u00e7as se prolongue durante todo o ano.<\/span><\/p>\t\t\t\t\t\t\t\t<\/div>\n\t\t\t\t\t<\/div>\n\t\t\t\t<\/div>\n\t\t<div class=\"elementor-element elementor-element-05e5dad e-flex e-con-boxed e-con e-parent\" data-id=\"05e5dad\" data-element_type=\"container\" data-e-type=\"container\">\n\t\t\t\t\t<div class=\"e-con-inner\">\n\t\t\t\t<div class=\"elementor-element elementor-element-d96c2bb elementor-widget elementor-widget-heading\" data-id=\"d96c2bb\" data-element_type=\"widget\" data-e-type=\"widget\" data-widget_type=\"heading.default\">\n\t\t\t\t\t<h2 class=\"elementor-heading-title elementor-size-default\">Retiro de Silencio agosto 2025<\/h2>\t\t\t\t<\/div>\n\t\t\t\t\t<\/div>\n\t\t\t\t<\/div>\n\t\t<div class=\"elementor-element elementor-element-8a8441f e-flex e-con-boxed e-con e-parent\" data-id=\"8a8441f\" data-element_type=\"container\" data-e-type=\"container\">\n\t\t\t\t\t<div class=\"e-con-inner\">\n\t\t\t\t<div class=\"elementor-element elementor-element-62c509d elementor-widget elementor-widget-text-editor\" data-id=\"62c509d\" data-element_type=\"widget\" data-e-type=\"widget\" data-widget_type=\"text-editor.default\">\n\t\t\t\t\t\t\t\t\t<p><span style=\"color: #000000; font-size: 14pt;\">Entre o dia 22 e 29 de agosto um grupo de quase 30 pessoas participamos no retiro de silencio de ver\u00e3o.\u00a0<\/span><\/p><p><span style=\"color: #000000; font-size: 14pt;\">Todos os anos temos este momento especial que nos une a Deus e nos permite uma maior liga\u00e7\u00e3o a Ele.<\/span><\/p><p><span style=\"color: #000000; font-size: 14pt;\">Podemos aprofundar no Seu Amor por cada um de n\u00f3s, na entrega de Jesus na cruz e como a sua Ressurrei\u00e7\u00e3o transforma as nossas vidas.\u00a0<\/span><\/p><p><span style=\"color: #000000; font-size: 14pt;\">\u00c9 sempre um momento de gra\u00e7a com o qual terminamos este tempo de ver\u00e3o e nos permite voltar ao nosso ritmo quotidiano com as for\u00e7as renovadas.<\/span><\/p><p><span style=\"color: #000000; font-size: 14pt;\">Um muito obrigado a todos que participaram e fizeram possivel este retiro.<\/span><\/p><p><span style=\"color: #000000; font-size: 14pt;\">Pe. Z\u00e9 Paulo, FMVD<\/span><\/p>\t\t\t\t\t\t\t\t<\/div>\n\t\t\t\t\t<\/div>\n\t\t\t\t<\/div>\n\t\t\t\t<\/div>\n\t\t","protected":false},"excerpt":{"rendered":"<p>\ud83c\udf3f\u2728 30 anos da Fam\u00edlia Mission\u00e1ria Verbum Dei Norte \u2728\ud83c\udf3f \u201cNo Seu Amor ser Um\u201d (cf. Jo 17,21) \ud83d\udc9a No passado dia 21 de setembro, no Conventinho de Contumil, celebramos<a href=\"https:\/\/verbumdei.org\/porto\/noticias\/\" rel=\"bookmark\"><span class=\"screen-reader-text\">Not\u00edcias<\/span><\/a><\/p>\n","protected":false},"author":7,"featured_media":0,"parent":0,"menu_order":0,"comment_status":"closed","ping_status":"closed","template":"","meta":{"rop_custom_images_group":[],"rop_custom_messages_group":[],"rop_publish_now":"initial","rop_publish_now_accounts":[],"rop_publish_now_history":[],"rop_publish_now_status":"pending","neve_meta_sidebar":"","neve_meta_container":"","neve_meta_enable_content_width":"","neve_meta_content_width":0,"neve_meta_title_alignment":"","neve_meta_author_avatar":"","neve_post_elements_order":"","neve_meta_disable_header":"","neve_meta_disable_footer":"","neve_meta_disable_title":"","_themeisle_gutenberg_block_has_review":false,"footnotes":""},"class_list":["post-458","page","type-page","status-publish","hentry"],"yoast_head":"<!-- This site is optimized with the Yoast SEO plugin v27.5 - https:\/\/yoast.com\/product\/yoast-seo-wordpress\/ -->\n<title>Not\u00edcias - Verbum Dei Norte<\/title>\n<meta name=\"robots\" content=\"index, follow, max-snippet:-1, max-image-preview:large, max-video-preview:-1\" \/>\n<link rel=\"canonical\" href=\"https:\/\/verbumdei.org\/porto\/noticias\/\" \/>\n<meta property=\"og:locale\" content=\"pt_PT\" \/>\n<meta property=\"og:type\" content=\"article\" \/>\n<meta property=\"og:title\" content=\"Not\u00edcias - Verbum Dei Norte\" \/>\n<meta property=\"og:description\" content=\"\ud83c\udf3f\u2728 30 anos da Fam\u00edlia Mission\u00e1ria Verbum Dei Norte \u2728\ud83c\udf3f \u201cNo Seu Amor ser Um\u201d (cf. Jo 17,21) \ud83d\udc9a No passado dia 21 de setembro, no Conventinho de Contumil, celebramosNot\u00edcias\" \/>\n<meta property=\"og:url\" content=\"https:\/\/verbumdei.org\/porto\/noticias\/\" \/>\n<meta property=\"og:site_name\" content=\"Verbum Dei Norte\" \/>\n<meta property=\"article:publisher\" content=\"https:\/\/www.facebook.com\/vdportoaveiro\/\" \/>\n<meta property=\"article:modified_time\" content=\"2025-11-11T15:13:02+00:00\" \/>\n<meta name=\"twitter:card\" content=\"summary_large_image\" \/>\n<meta name=\"twitter:label1\" content=\"Tempo estimado de leitura\" \/>\n\t<meta name=\"twitter:data1\" content=\"2 minutos\" \/>\n<script type=\"application\/ld+json\" class=\"yoast-schema-graph\">{\"@context\":\"https:\\\/\\\/schema.org\",\"@graph\":[{\"@type\":\"WebPage\",\"@id\":\"https:\\\/\\\/verbumdei.org\\\/porto\\\/noticias\\\/\",\"url\":\"https:\\\/\\\/verbumdei.org\\\/porto\\\/noticias\\\/\",\"name\":\"Not\u00edcias - Verbum Dei Norte\",\"isPartOf\":{\"@id\":\"https:\\\/\\\/verbumdei.org\\\/porto\\\/#website\"},\"datePublished\":\"2016-12-11T11:56:26+00:00\",\"dateModified\":\"2025-11-11T15:13:02+00:00\",\"breadcrumb\":{\"@id\":\"https:\\\/\\\/verbumdei.org\\\/porto\\\/noticias\\\/#breadcrumb\"},\"inLanguage\":\"pt-PT\",\"potentialAction\":[{\"@type\":\"ReadAction\",\"target\":[\"https:\\\/\\\/verbumdei.org\\\/porto\\\/noticias\\\/\"]}]},{\"@type\":\"BreadcrumbList\",\"@id\":\"https:\\\/\\\/verbumdei.org\\\/porto\\\/noticias\\\/#breadcrumb\",\"itemListElement\":[{\"@type\":\"ListItem\",\"position\":1,\"name\":\"In\u00edcio\",\"item\":\"https:\\\/\\\/verbumdei.org\\\/porto\\\/\"},{\"@type\":\"ListItem\",\"position\":2,\"name\":\"Not\u00edcias\"}]},{\"@type\":\"WebSite\",\"@id\":\"https:\\\/\\\/verbumdei.org\\\/porto\\\/#website\",\"url\":\"https:\\\/\\\/verbumdei.org\\\/porto\\\/\",\"name\":\"Verbum Dei Portugal Norte\",\"description\":\"Mission\u00e1rios Verbum Dei no Porto e Aveiro: ora\u00e7\u00e3o, retiro espiritual, forma\u00e7\u00e3o crist\u00e3 e evangeliza\u00e7\u00e3o\",\"publisher\":{\"@id\":\"https:\\\/\\\/verbumdei.org\\\/porto\\\/#organization\"},\"potentialAction\":[{\"@type\":\"SearchAction\",\"target\":{\"@type\":\"EntryPoint\",\"urlTemplate\":\"https:\\\/\\\/verbumdei.org\\\/porto\\\/?s={search_term_string}\"},\"query-input\":{\"@type\":\"PropertyValueSpecification\",\"valueRequired\":true,\"valueName\":\"search_term_string\"}}],\"inLanguage\":\"pt-PT\"},{\"@type\":\"Organization\",\"@id\":\"https:\\\/\\\/verbumdei.org\\\/porto\\\/#organization\",\"name\":\"Verbum Dei Portugal Norte\",\"url\":\"https:\\\/\\\/verbumdei.org\\\/porto\\\/\",\"logo\":{\"@type\":\"ImageObject\",\"inLanguage\":\"pt-PT\",\"@id\":\"https:\\\/\\\/verbumdei.org\\\/porto\\\/#\\\/schema\\\/logo\\\/image\\\/\",\"url\":\"https:\\\/\\\/verbumdei.org\\\/porto\\\/wp-content\\\/uploads\\\/2018\\\/07\\\/Logo2.jpg\",\"contentUrl\":\"https:\\\/\\\/verbumdei.org\\\/porto\\\/wp-content\\\/uploads\\\/2018\\\/07\\\/Logo2.jpg\",\"width\":123,\"height\":120,\"caption\":\"Verbum Dei Portugal Norte\"},\"image\":{\"@id\":\"https:\\\/\\\/verbumdei.org\\\/porto\\\/#\\\/schema\\\/logo\\\/image\\\/\"},\"sameAs\":[\"https:\\\/\\\/www.facebook.com\\\/vdportoaveiro\\\/\",\"https:\\\/\\\/instagram.com\\\/verbumdei.portugal.norte\\\/\"]}]}<\/script>\n<!-- \/ Yoast SEO plugin. -->","yoast_head_json":{"title":"Not\u00edcias - Verbum Dei Norte","robots":{"index":"index","follow":"follow","max-snippet":"max-snippet:-1","max-image-preview":"max-image-preview:large","max-video-preview":"max-video-preview:-1"},"canonical":"https:\/\/verbumdei.org\/porto\/noticias\/","og_locale":"pt_PT","og_type":"article","og_title":"Not\u00edcias - Verbum Dei Norte","og_description":"\ud83c\udf3f\u2728 30 anos da Fam\u00edlia Mission\u00e1ria Verbum Dei Norte \u2728\ud83c\udf3f \u201cNo Seu Amor ser Um\u201d (cf. Jo 17,21) \ud83d\udc9a No passado dia 21 de setembro, no Conventinho de Contumil, celebramosNot\u00edcias","og_url":"https:\/\/verbumdei.org\/porto\/noticias\/","og_site_name":"Verbum Dei Norte","article_publisher":"https:\/\/www.facebook.com\/vdportoaveiro\/","article_modified_time":"2025-11-11T15:13:02+00:00","twitter_card":"summary_large_image","twitter_misc":{"Tempo estimado de leitura":"2 minutos"},"schema":{"@context":"https:\/\/schema.org","@graph":[{"@type":"WebPage","@id":"https:\/\/verbumdei.org\/porto\/noticias\/","url":"https:\/\/verbumdei.org\/porto\/noticias\/","name":"Not\u00edcias - Verbum Dei Norte","isPartOf":{"@id":"https:\/\/verbumdei.org\/porto\/#website"},"datePublished":"2016-12-11T11:56:26+00:00","dateModified":"2025-11-11T15:13:02+00:00","breadcrumb":{"@id":"https:\/\/verbumdei.org\/porto\/noticias\/#breadcrumb"},"inLanguage":"pt-PT","potentialAction":[{"@type":"ReadAction","target":["https:\/\/verbumdei.org\/porto\/noticias\/"]}]},{"@type":"BreadcrumbList","@id":"https:\/\/verbumdei.org\/porto\/noticias\/#breadcrumb","itemListElement":[{"@type":"ListItem","position":1,"name":"In\u00edcio","item":"https:\/\/verbumdei.org\/porto\/"},{"@type":"ListItem","position":2,"name":"Not\u00edcias"}]},{"@type":"WebSite","@id":"https:\/\/verbumdei.org\/porto\/#website","url":"https:\/\/verbumdei.org\/porto\/","name":"Verbum Dei Portugal Norte","description":"Mission\u00e1rios Verbum Dei no Porto e Aveiro: ora\u00e7\u00e3o, retiro espiritual, forma\u00e7\u00e3o crist\u00e3 e evangeliza\u00e7\u00e3o","publisher":{"@id":"https:\/\/verbumdei.org\/porto\/#organization"},"potentialAction":[{"@type":"SearchAction","target":{"@type":"EntryPoint","urlTemplate":"https:\/\/verbumdei.org\/porto\/?s={search_term_string}"},"query-input":{"@type":"PropertyValueSpecification","valueRequired":true,"valueName":"search_term_string"}}],"inLanguage":"pt-PT"},{"@type":"Organization","@id":"https:\/\/verbumdei.org\/porto\/#organization","name":"Verbum Dei Portugal Norte","url":"https:\/\/verbumdei.org\/porto\/","logo":{"@type":"ImageObject","inLanguage":"pt-PT","@id":"https:\/\/verbumdei.org\/porto\/#\/schema\/logo\/image\/","url":"https:\/\/verbumdei.org\/porto\/wp-content\/uploads\/2018\/07\/Logo2.jpg","contentUrl":"https:\/\/verbumdei.org\/porto\/wp-content\/uploads\/2018\/07\/Logo2.jpg","width":123,"height":120,"caption":"Verbum Dei Portugal Norte"},"image":{"@id":"https:\/\/verbumdei.org\/porto\/#\/schema\/logo\/image\/"},"sameAs":["https:\/\/www.facebook.com\/vdportoaveiro\/","https:\/\/instagram.com\/verbumdei.portugal.norte\/"]}]}},"jetpack_sharing_enabled":true,"_links":{"self":[{"href":"https:\/\/verbumdei.org\/porto\/wp-json\/wp\/v2\/pages\/458","targetHints":{"allow":["GET"]}}],"collection":[{"href":"https:\/\/verbumdei.org\/porto\/wp-json\/wp\/v2\/pages"}],"about":[{"href":"https:\/\/verbumdei.org\/porto\/wp-json\/wp\/v2\/types\/page"}],"author":[{"embeddable":true,"href":"https:\/\/verbumdei.org\/porto\/wp-json\/wp\/v2\/users\/7"}],"replies":[{"embeddable":true,"href":"https:\/\/verbumdei.org\/porto\/wp-json\/wp\/v2\/comments?post=458"}],"version-history":[{"count":5,"href":"https:\/\/verbumdei.org\/porto\/wp-json\/wp\/v2\/pages\/458\/revisions"}],"predecessor-version":[{"id":9842,"href":"https:\/\/verbumdei.org\/porto\/wp-json\/wp\/v2\/pages\/458\/revisions\/9842"}],"wp:attachment":[{"href":"https:\/\/verbumdei.org\/porto\/wp-json\/wp\/v2\/media?parent=458"}],"curies":[{"name":"wp","href":"https:\/\/api.w.org\/{rel}","templated":true}]}}

Notícias

<div data-elementor-type="wp-page" data-elementor-id="458" class="elementor elementor-458">
				<div class="elementor-element elementor-element-3d4c7d2 e-flex e-con-boxed e-con e-parent" data-id="3d4c7d2" data-element_type="container" data-e-type="container">
					<div class="e-con-inner">
				<div class="elementor-element elementor-element-c853ae9 elementor-widget elementor-widget-heading" data-id="c853ae9" data-element_type="widget" data-e-type="widget" data-widget_type="heading.default">
					<h2 class="elementor-heading-title elementor-size-default">🌿✨ 30 anos da Família Missionária Verbum Dei Norte ✨🌿</h2>				</div>
					</div>
				</div>
		<div class="elementor-element elementor-element-498e3d39 e-flex e-con-boxed e-con e-parent" data-id="498e3d39" data-element_type="container" data-e-type="container">
					<div class="e-con-inner">
				<div class="elementor-element elementor-element-5c259f88 elementor-widget elementor-widget-text-editor" data-id="5c259f88" data-element_type="widget" data-e-type="widget" data-widget_type="text-editor.default">
									<p style="text-align: center;"><span style="font-size: 18pt; color: #000000;">“No Seu Amor ser Um” (cf. Jo 17,21) 💚</span></p><p style="text-align: left;"><span style="font-size: 14pt; color: #000000;">No passado dia 21 de setembro, no Conventinho de Contumil, celebramos juntos a vida e a missão que partilhamos, olhando com gratidão o caminho percorrido e abrindo o coração ao futuro que Deus nos confia.</span></p><p><span style="font-size: 14pt; color: #000000;">Queremos que este dia de ação de graças se prolongue durante todo o ano.</span></p>								</div>
					</div>
				</div>
		<div class="elementor-element elementor-element-05e5dad e-flex e-con-boxed e-con e-parent" data-id="05e5dad" data-element_type="container" data-e-type="container">
					<div class="e-con-inner">
				<div class="elementor-element elementor-element-d96c2bb elementor-widget elementor-widget-heading" data-id="d96c2bb" data-element_type="widget" data-e-type="widget" data-widget_type="heading.default">
					<h2 class="elementor-heading-title elementor-size-default">Retiro de Silencio agosto 2025</h2>				</div>
					</div>
				</div>
		<div class="elementor-element elementor-element-8a8441f e-flex e-con-boxed e-con e-parent" data-id="8a8441f" data-element_type="container" data-e-type="container">
					<div class="e-con-inner">
				<div class="elementor-element elementor-element-62c509d elementor-widget elementor-widget-text-editor" data-id="62c509d" data-element_type="widget" data-e-type="widget" data-widget_type="text-editor.default">
									<p><span style="color: #000000; font-size: 14pt;">Entre o dia 22 e 29 de agosto um grupo de quase 30 pessoas participamos no retiro de silencio de verão. </span></p><p><span style="color: #000000; font-size: 14pt;">Todos os anos temos este momento especial que nos une a Deus e nos permite uma maior ligação a Ele.</span></p><p><span style="color: #000000; font-size: 14pt;">Podemos aprofundar no Seu Amor por cada um de nós, na entrega de Jesus na cruz e como a sua Ressurreição transforma as nossas vidas. </span></p><p><span style="color: #000000; font-size: 14pt;">É sempre um momento de graça com o qual terminamos este tempo de verão e nos permite voltar ao nosso ritmo quotidiano com as forças renovadas.</span></p><p><span style="color: #000000; font-size: 14pt;">Um muito obrigado a todos que participaram e fizeram possivel este retiro.</span></p><p><span style="color: #000000; font-size: 14pt;">Pe. Zé Paulo, FMVD</span></p>								</div>
					</div>
				</div>
				</div>

<p>🌿✨ 30 anos da Família Missionária Verbum Dei Norte ✨🌿 “No Seu Amor ser Um” (cf. Jo 17,21) 💚 No passado dia 21 de setembro, no Conventinho de Contumil, celebramos<a href="https://verbumdei.org/porto/noticias/" rel="bookmark"><span class="screen-reader-text">Notícias</span></a></p>

<!-- This site is optimized with the Yoast SEO plugin v27.5 - https://yoast.com/product/yoast-seo-wordpress/ -->
<title>Notícias - Verbum Dei Norte</title>
<meta name="robots" content="index, follow, max-snippet:-1, max-image-preview:large, max-video-preview:-1" />
<link rel="canonical" href="https://verbumdei.org/porto/noticias/" />
<meta property="og:locale" content="pt_PT" />
<meta property="og:type" content="article" />
<meta property="og:title" content="Notícias - Verbum Dei Norte" />
<meta property="og:description" content="🌿✨ 30 anos da Família Missionária Verbum Dei Norte ✨🌿 “No Seu Amor ser Um” (cf. Jo 17,21) 💚 No passado dia 21 de setembro, no Conventinho de Contumil, celebramosNotícias" />
<meta property="og:url" content="https://verbumdei.org/porto/noticias/" />
<meta property="og:site_name" content="Verbum Dei Norte" />
<meta property="article:publisher" content="https://www.facebook.com/vdportoaveiro/" />
<meta property="article:modified_time" content="2025-11-11T15:13:02+00:00" />
<meta name="twitter:card" content="summary_large_image" />
<meta name="twitter:label1" content="Tempo estimado de leitura" />
	<meta name="twitter:data1" content="2 minutos" />
<script type="application/ld+json" class="yoast-schema-graph">{"@context":"https:\/\/schema.org","@graph":[{"@type":"WebPage","@id":"https:\/\/verbumdei.org\/porto\/noticias\/","url":"https:\/\/verbumdei.org\/porto\/noticias\/","name":"Notícias - Verbum Dei Norte","isPartOf":{"@id":"https:\/\/verbumdei.org\/porto\/#website"},"datePublished":"2016-12-11T11:56:26+00:00","dateModified":"2025-11-11T15:13:02+00:00","breadcrumb":{"@id":"https:\/\/verbumdei.org\/porto\/noticias\/#breadcrumb"},"inLanguage":"pt-PT","potentialAction":[{"@type":"ReadAction","target":["https:\/\/verbumdei.org\/porto\/noticias\/"]}]},{"@type":"BreadcrumbList","@id":"https:\/\/verbumdei.org\/porto\/noticias\/#breadcrumb","itemListElement":[{"@type":"ListItem","position":1,"name":"Início","item":"https:\/\/verbumdei.org\/porto\/"},{"@type":"ListItem","position":2,"name":"Notícias"}]},{"@type":"WebSite","@id":"https:\/\/verbumdei.org\/porto\/#website","url":"https:\/\/verbumdei.org\/porto\/","name":"Verbum Dei Portugal Norte","description":"Missionários Verbum Dei no Porto e Aveiro: oração, retiro espiritual, formação cristã e evangelização","publisher":{"@id":"https:\/\/verbumdei.org\/porto\/#organization"},"potentialAction":[{"@type":"SearchAction","target":{"@type":"EntryPoint","urlTemplate":"https:\/\/verbumdei.org\/porto\/?s={search_term_string}"},"query-input":{"@type":"PropertyValueSpecification","valueRequired":true,"valueName":"search_term_string"}}],"inLanguage":"pt-PT"},{"@type":"Organization","@id":"https:\/\/verbumdei.org\/porto\/#organization","name":"Verbum Dei Portugal Norte","url":"https:\/\/verbumdei.org\/porto\/","logo":{"@type":"ImageObject","inLanguage":"pt-PT","@id":"https:\/\/verbumdei.org\/porto\/#\/schema\/logo\/image\/","url":"https:\/\/verbumdei.org\/porto\/wp-content\/uploads\/2018\/07\/Logo2.jpg","contentUrl":"https:\/\/verbumdei.org\/porto\/wp-content\/uploads\/2018\/07\/Logo2.jpg","width":123,"height":120,"caption":"Verbum Dei Portugal Norte"},"image":{"@id":"https:\/\/verbumdei.org\/porto\/#\/schema\/logo\/image\/"},"sameAs":["https:\/\/www.facebook.com\/vdportoaveiro\/","https:\/\/instagram.com\/verbumdei.portugal.norte\/"]}]}</script>
<!-- / Yoast SEO plugin. -->

Notícias - Verbum Dei Norte

🌿✨ 30 anos da Família Missionária Verbum Dei Norte ✨🌿 “No Seu Amor ser Um” (cf. Jo 17,21) 💚 No passado dia 21 de setembro, no Conventinho de Contumil, celebramosNotícias

Início

Missionários Verbum Dei no Porto e Aveiro: oração, retiro espiritual, formação cristã e evangelização
