{"id":406,"date":"2016-12-10T14:46:11","date_gmt":"2016-12-10T14:46:11","guid":{"rendered":"http:\/\/verbumdei.pt\/?page_id=406"},"modified":"2025-11-13T18:47:03","modified_gmt":"2025-11-13T17:47:03","slug":"jovens-vd","status":"publish","type":"page","link":"https:\/\/verbumdei.org\/porto\/grupos\/jovens-vd\/","title":{"rendered":"Jovens VD"},"content":{"rendered":"<p class=\"font_7\"><span style=\"font-family: 'comic sans ms', sans-serif; color: #000000;\">Somos jovens, com mais de 18 anos, estudantes ou trabalhadores, que formamos parte da FaMVD. Temos o desejo de construir a nossa vida num alicerce seguro, de nos formar como pessoas e n\u00e3o s\u00f3 como profissionais, de partilhar esse caminho com outros jovens, e de tamb\u00e9m poder transmitir ao outros a alegria que \u00e9 construir o nosso futuro acompanhados de Jesus.<\/span><\/p>\n<p class=\"font_7\"><span style=\"font-family: 'comic sans ms', sans-serif; color: #000000;\">Para n\u00f3s \u00e9 importante a rela\u00e7\u00e3o com Deus (ora\u00e7\u00e3o), vivermos com autenticidade nos nossos ambientes (testemunho de vida) e partilharmos com outros jovens a alegria de viver com f\u00e9 (miss\u00e3o).<\/span><\/p>\n<p class=\"font_6\"><em><strong><span style=\"font-family: 'comic sans ms', sans-serif; color: #d43c18;\">Tu\u2026.<\/span><\/strong><\/em><\/p>\n<ul>\n<li class=\"font_7\"><span style=\"font-family: 'comic sans ms', sans-serif; color: #000000;\">Sentes necessidade de estabelecer com os outros rela\u00e7\u00f5es aut\u00eanticas, de poder estar \u00e0 vontade e seres tu mesmo, sem protocolos e complica\u00e7\u00f5es?<\/span><\/li>\n<\/ul>\n<ul>\n<li class=\"font_7\"><span style=\"font-family: 'comic sans ms', sans-serif; color: #000000;\">Por vezes sentes que um jovem com f\u00e9 \u00e9 uma \u201craridade\u201d no mundo de hoje? Gostavas de conhecer e criar la\u00e7os com outros jovens que procuram crescer na f\u00e9 e fazer um caminho de amizade com Jesus?<\/span><\/li>\n<\/ul>\n<ul>\n<li class=\"font_7\"><span style=\"font-family: 'comic sans ms', sans-serif; color: #000000;\"><span style=\"font-family: 'comic sans ms', sans-serif; color: #000000;\">Desejas fazer algo pelos outros, de ter uma vida que seja mais do que s\u00f3 estudo ou s\u00f3 trabalho?- Sentes a necessidade de crescer como pessoa e tamb\u00e9m a n\u00edvel espiritual?<br \/>\n<\/span><\/span><\/p>\n<p class=\"font_7\"><span style=\"font-family: 'comic sans ms', sans-serif; color: #000000;\">N\u00f3s tamb\u00e9m! Contacta-nos ou aparece em alguma das nossas atividade, pois ser\u00e1s muito bem-vindo e de certeza que n\u00e3o te vais arrepender!<\/span><\/p>\n<\/li>\n<\/ul>\n","protected":false},"excerpt":{"rendered":"<p>Somos jovens, com mais de 18 anos, estudantes ou trabalhadores, que formamos parte da FaMVD. Temos o desejo de construir a nossa vida num alicerce seguro, de nos formar como<a href=\"https:\/\/verbumdei.org\/porto\/grupos\/jovens-vd\/\" rel=\"bookmark\"><span class=\"screen-reader-text\">Jovens VD<\/span><\/a><\/p>\n","protected":false},"author":7,"featured_media":0,"parent":268,"menu_order":0,"comment_status":"closed","ping_status":"closed","template":"","meta":{"rop_custom_images_group":[],"rop_custom_messages_group":[],"rop_publish_now":"initial","rop_publish_now_accounts":[],"rop_publish_now_history":[],"rop_publish_now_status":"pending","neve_meta_sidebar":"","neve_meta_container":"","neve_meta_enable_content_width":"off","neve_meta_content_width":100,"neve_meta_title_alignment":"","neve_meta_author_avatar":"","neve_post_elements_order":"","neve_meta_disable_header":"","neve_meta_disable_footer":"","neve_meta_disable_title":"","_themeisle_gutenberg_block_has_review":false,"footnotes":""},"class_list":["post-406","page","type-page","status-publish","hentry"],"yoast_head":"<!-- This site is optimized with the Yoast SEO plugin v27.5 - https:\/\/yoast.com\/product\/yoast-seo-wordpress\/ -->\n<title>Jovens VD - Verbum Dei Norte<\/title>\n<meta name=\"robots\" content=\"index, follow, max-snippet:-1, max-image-preview:large, max-video-preview:-1\" \/>\n<link rel=\"canonical\" href=\"https:\/\/verbumdei.org\/porto\/grupos\/jovens-vd\/\" \/>\n<meta property=\"og:locale\" content=\"pt_PT\" \/>\n<meta property=\"og:type\" content=\"article\" \/>\n<meta property=\"og:title\" content=\"Jovens VD - Verbum Dei Norte\" \/>\n<meta property=\"og:description\" content=\"Somos jovens, com mais de 18 anos, estudantes ou trabalhadores, que formamos parte da FaMVD. Temos o desejo de construir a nossa vida num alicerce seguro, de nos formar comoJovens VD\" \/>\n<meta property=\"og:url\" content=\"https:\/\/verbumdei.org\/porto\/grupos\/jovens-vd\/\" \/>\n<meta property=\"og:site_name\" content=\"Verbum Dei Norte\" \/>\n<meta property=\"article:publisher\" content=\"https:\/\/www.facebook.com\/vdportoaveiro\/\" \/>\n<meta property=\"article:modified_time\" content=\"2025-11-13T17:47:03+00:00\" \/>\n<meta name=\"twitter:card\" content=\"summary_large_image\" \/>\n<meta name=\"twitter:label1\" content=\"Tempo estimado de leitura\" \/>\n\t<meta name=\"twitter:data1\" content=\"2 minutos\" \/>\n<script type=\"application\/ld+json\" class=\"yoast-schema-graph\">{\"@context\":\"https:\\\/\\\/schema.org\",\"@graph\":[{\"@type\":\"WebPage\",\"@id\":\"https:\\\/\\\/verbumdei.org\\\/porto\\\/grupos\\\/jovens-vd\\\/\",\"url\":\"https:\\\/\\\/verbumdei.org\\\/porto\\\/grupos\\\/jovens-vd\\\/\",\"name\":\"Jovens VD - Verbum Dei Norte\",\"isPartOf\":{\"@id\":\"https:\\\/\\\/verbumdei.org\\\/porto\\\/#website\"},\"datePublished\":\"2016-12-10T14:46:11+00:00\",\"dateModified\":\"2025-11-13T17:47:03+00:00\",\"breadcrumb\":{\"@id\":\"https:\\\/\\\/verbumdei.org\\\/porto\\\/grupos\\\/jovens-vd\\\/#breadcrumb\"},\"inLanguage\":\"pt-PT\",\"potentialAction\":[{\"@type\":\"ReadAction\",\"target\":[\"https:\\\/\\\/verbumdei.org\\\/porto\\\/grupos\\\/jovens-vd\\\/\"]}]},{\"@type\":\"BreadcrumbList\",\"@id\":\"https:\\\/\\\/verbumdei.org\\\/porto\\\/grupos\\\/jovens-vd\\\/#breadcrumb\",\"itemListElement\":[{\"@type\":\"ListItem\",\"position\":1,\"name\":\"In\u00edcio\",\"item\":\"https:\\\/\\\/verbumdei.org\\\/porto\\\/\"},{\"@type\":\"ListItem\",\"position\":2,\"name\":\"Grupos\",\"item\":\"https:\\\/\\\/verbumdei.org\\\/porto\\\/grupos\\\/\"},{\"@type\":\"ListItem\",\"position\":3,\"name\":\"Jovens VD\"}]},{\"@type\":\"WebSite\",\"@id\":\"https:\\\/\\\/verbumdei.org\\\/porto\\\/#website\",\"url\":\"https:\\\/\\\/verbumdei.org\\\/porto\\\/\",\"name\":\"Verbum Dei Portugal Norte\",\"description\":\"Mission\u00e1rios Verbum Dei no Porto e Aveiro: ora\u00e7\u00e3o, retiro espiritual, forma\u00e7\u00e3o crist\u00e3 e evangeliza\u00e7\u00e3o\",\"publisher\":{\"@id\":\"https:\\\/\\\/verbumdei.org\\\/porto\\\/#organization\"},\"potentialAction\":[{\"@type\":\"SearchAction\",\"target\":{\"@type\":\"EntryPoint\",\"urlTemplate\":\"https:\\\/\\\/verbumdei.org\\\/porto\\\/?s={search_term_string}\"},\"query-input\":{\"@type\":\"PropertyValueSpecification\",\"valueRequired\":true,\"valueName\":\"search_term_string\"}}],\"inLanguage\":\"pt-PT\"},{\"@type\":\"Organization\",\"@id\":\"https:\\\/\\\/verbumdei.org\\\/porto\\\/#organization\",\"name\":\"Verbum Dei Portugal Norte\",\"url\":\"https:\\\/\\\/verbumdei.org\\\/porto\\\/\",\"logo\":{\"@type\":\"ImageObject\",\"inLanguage\":\"pt-PT\",\"@id\":\"https:\\\/\\\/verbumdei.org\\\/porto\\\/#\\\/schema\\\/logo\\\/image\\\/\",\"url\":\"https:\\\/\\\/verbumdei.org\\\/porto\\\/wp-content\\\/uploads\\\/2018\\\/07\\\/Logo2.jpg\",\"contentUrl\":\"https:\\\/\\\/verbumdei.org\\\/porto\\\/wp-content\\\/uploads\\\/2018\\\/07\\\/Logo2.jpg\",\"width\":123,\"height\":120,\"caption\":\"Verbum Dei Portugal Norte\"},\"image\":{\"@id\":\"https:\\\/\\\/verbumdei.org\\\/porto\\\/#\\\/schema\\\/logo\\\/image\\\/\"},\"sameAs\":[\"https:\\\/\\\/www.facebook.com\\\/vdportoaveiro\\\/\",\"https:\\\/\\\/instagram.com\\\/verbumdei.portugal.norte\\\/\"]}]}<\/script>\n<!-- \/ Yoast SEO plugin. -->","yoast_head_json":{"title":"Jovens VD - Verbum Dei Norte","robots":{"index":"index","follow":"follow","max-snippet":"max-snippet:-1","max-image-preview":"max-image-preview:large","max-video-preview":"max-video-preview:-1"},"canonical":"https:\/\/verbumdei.org\/porto\/grupos\/jovens-vd\/","og_locale":"pt_PT","og_type":"article","og_title":"Jovens VD - Verbum Dei Norte","og_description":"Somos jovens, com mais de 18 anos, estudantes ou trabalhadores, que formamos parte da FaMVD. Temos o desejo de construir a nossa vida num alicerce seguro, de nos formar comoJovens VD","og_url":"https:\/\/verbumdei.org\/porto\/grupos\/jovens-vd\/","og_site_name":"Verbum Dei Norte","article_publisher":"https:\/\/www.facebook.com\/vdportoaveiro\/","article_modified_time":"2025-11-13T17:47:03+00:00","twitter_card":"summary_large_image","twitter_misc":{"Tempo estimado de leitura":"2 minutos"},"schema":{"@context":"https:\/\/schema.org","@graph":[{"@type":"WebPage","@id":"https:\/\/verbumdei.org\/porto\/grupos\/jovens-vd\/","url":"https:\/\/verbumdei.org\/porto\/grupos\/jovens-vd\/","name":"Jovens VD - Verbum Dei Norte","isPartOf":{"@id":"https:\/\/verbumdei.org\/porto\/#website"},"datePublished":"2016-12-10T14:46:11+00:00","dateModified":"2025-11-13T17:47:03+00:00","breadcrumb":{"@id":"https:\/\/verbumdei.org\/porto\/grupos\/jovens-vd\/#breadcrumb"},"inLanguage":"pt-PT","potentialAction":[{"@type":"ReadAction","target":["https:\/\/verbumdei.org\/porto\/grupos\/jovens-vd\/"]}]},{"@type":"BreadcrumbList","@id":"https:\/\/verbumdei.org\/porto\/grupos\/jovens-vd\/#breadcrumb","itemListElement":[{"@type":"ListItem","position":1,"name":"In\u00edcio","item":"https:\/\/verbumdei.org\/porto\/"},{"@type":"ListItem","position":2,"name":"Grupos","item":"https:\/\/verbumdei.org\/porto\/grupos\/"},{"@type":"ListItem","position":3,"name":"Jovens VD"}]},{"@type":"WebSite","@id":"https:\/\/verbumdei.org\/porto\/#website","url":"https:\/\/verbumdei.org\/porto\/","name":"Verbum Dei Portugal Norte","description":"Mission\u00e1rios Verbum Dei no Porto e Aveiro: ora\u00e7\u00e3o, retiro espiritual, forma\u00e7\u00e3o crist\u00e3 e evangeliza\u00e7\u00e3o","publisher":{"@id":"https:\/\/verbumdei.org\/porto\/#organization"},"potentialAction":[{"@type":"SearchAction","target":{"@type":"EntryPoint","urlTemplate":"https:\/\/verbumdei.org\/porto\/?s={search_term_string}"},"query-input":{"@type":"PropertyValueSpecification","valueRequired":true,"valueName":"search_term_string"}}],"inLanguage":"pt-PT"},{"@type":"Organization","@id":"https:\/\/verbumdei.org\/porto\/#organization","name":"Verbum Dei Portugal Norte","url":"https:\/\/verbumdei.org\/porto\/","logo":{"@type":"ImageObject","inLanguage":"pt-PT","@id":"https:\/\/verbumdei.org\/porto\/#\/schema\/logo\/image\/","url":"https:\/\/verbumdei.org\/porto\/wp-content\/uploads\/2018\/07\/Logo2.jpg","contentUrl":"https:\/\/verbumdei.org\/porto\/wp-content\/uploads\/2018\/07\/Logo2.jpg","width":123,"height":120,"caption":"Verbum Dei Portugal Norte"},"image":{"@id":"https:\/\/verbumdei.org\/porto\/#\/schema\/logo\/image\/"},"sameAs":["https:\/\/www.facebook.com\/vdportoaveiro\/","https:\/\/instagram.com\/verbumdei.portugal.norte\/"]}]}},"jetpack_sharing_enabled":true,"_links":{"self":[{"href":"https:\/\/verbumdei.org\/porto\/wp-json\/wp\/v2\/pages\/406","targetHints":{"allow":["GET"]}}],"collection":[{"href":"https:\/\/verbumdei.org\/porto\/wp-json\/wp\/v2\/pages"}],"about":[{"href":"https:\/\/verbumdei.org\/porto\/wp-json\/wp\/v2\/types\/page"}],"author":[{"embeddable":true,"href":"https:\/\/verbumdei.org\/porto\/wp-json\/wp\/v2\/users\/7"}],"replies":[{"embeddable":true,"href":"https:\/\/verbumdei.org\/porto\/wp-json\/wp\/v2\/comments?post=406"}],"version-history":[{"count":3,"href":"https:\/\/verbumdei.org\/porto\/wp-json\/wp\/v2\/pages\/406\/revisions"}],"predecessor-version":[{"id":9998,"href":"https:\/\/verbumdei.org\/porto\/wp-json\/wp\/v2\/pages\/406\/revisions\/9998"}],"up":[{"embeddable":true,"href":"https:\/\/verbumdei.org\/porto\/wp-json\/wp\/v2\/pages\/268"}],"wp:attachment":[{"href":"https:\/\/verbumdei.org\/porto\/wp-json\/wp\/v2\/media?parent=406"}],"curies":[{"name":"wp","href":"https:\/\/api.w.org\/{rel}","templated":true}]}}

<p class="font_7"><span style="font-family: 'comic sans ms', sans-serif; color: #000000;">Somos jovens, com mais de 18 anos, estudantes ou trabalhadores, que formamos parte da FaMVD. Temos o desejo de construir a nossa vida num alicerce seguro, de nos formar como pessoas e não só como profissionais, de partilhar esse caminho com outros jovens, e de também poder transmitir ao outros a alegria que é construir o nosso futuro acompanhados de Jesus.</span></p>
<p class="font_7"><span style="font-family: 'comic sans ms', sans-serif; color: #000000;">Para nós é importante a relação com Deus (oração), vivermos com autenticidade nos nossos ambientes (testemunho de vida) e partilharmos com outros jovens a alegria de viver com fé (missão).</span></p>
<p class="font_6"><em><strong><span style="font-family: 'comic sans ms', sans-serif; color: #d43c18;">Tu….</span></strong></em></p>
<ul>
<li class="font_7"><span style="font-family: 'comic sans ms', sans-serif; color: #000000;">Sentes necessidade de estabelecer com os outros relações autênticas, de poder estar à vontade e seres tu mesmo, sem protocolos e complicações?</span></li>
</ul>
<ul>
<li class="font_7"><span style="font-family: 'comic sans ms', sans-serif; color: #000000;">Por vezes sentes que um jovem com fé é uma “raridade” no mundo de hoje? Gostavas de conhecer e criar laços com outros jovens que procuram crescer na fé e fazer um caminho de amizade com Jesus?</span></li>
</ul>
<ul>
<li class="font_7"><span style="font-family: 'comic sans ms', sans-serif; color: #000000;"><span style="font-family: 'comic sans ms', sans-serif; color: #000000;">Desejas fazer algo pelos outros, de ter uma vida que seja mais do que só estudo ou só trabalho?- Sentes a necessidade de crescer como pessoa e também a nível espiritual?<br />
</span></span></p>
<p class="font_7"><span style="font-family: 'comic sans ms', sans-serif; color: #000000;">Nós também! Contacta-nos ou aparece em alguma das nossas atividade, pois serás muito bem-vindo e de certeza que não te vais arrepender!</span></p>
</li>
</ul>

<!-- This site is optimized with the Yoast SEO plugin v27.5 - https://yoast.com/product/yoast-seo-wordpress/ -->
<title>Jovens VD - Verbum Dei Norte</title>
<meta name="robots" content="index, follow, max-snippet:-1, max-image-preview:large, max-video-preview:-1" />
<link rel="canonical" href="https://verbumdei.org/porto/grupos/jovens-vd/" />
<meta property="og:locale" content="pt_PT" />
<meta property="og:type" content="article" />
<meta property="og:title" content="Jovens VD - Verbum Dei Norte" />
<meta property="og:description" content="Somos jovens, com mais de 18 anos, estudantes ou trabalhadores, que formamos parte da FaMVD. Temos o desejo de construir a nossa vida num alicerce seguro, de nos formar comoJovens VD" />
<meta property="og:url" content="https://verbumdei.org/porto/grupos/jovens-vd/" />
<meta property="og:site_name" content="Verbum Dei Norte" />
<meta property="article:publisher" content="https://www.facebook.com/vdportoaveiro/" />
<meta property="article:modified_time" content="2025-11-13T17:47:03+00:00" />
<meta name="twitter:card" content="summary_large_image" />
<meta name="twitter:label1" content="Tempo estimado de leitura" />
	<meta name="twitter:data1" content="2 minutos" />
<script type="application/ld+json" class="yoast-schema-graph">{"@context":"https:\/\/schema.org","@graph":[{"@type":"WebPage","@id":"https:\/\/verbumdei.org\/porto\/grupos\/jovens-vd\/","url":"https:\/\/verbumdei.org\/porto\/grupos\/jovens-vd\/","name":"Jovens VD - Verbum Dei Norte","isPartOf":{"@id":"https:\/\/verbumdei.org\/porto\/#website"},"datePublished":"2016-12-10T14:46:11+00:00","dateModified":"2025-11-13T17:47:03+00:00","breadcrumb":{"@id":"https:\/\/verbumdei.org\/porto\/grupos\/jovens-vd\/#breadcrumb"},"inLanguage":"pt-PT","potentialAction":[{"@type":"ReadAction","target":["https:\/\/verbumdei.org\/porto\/grupos\/jovens-vd\/"]}]},{"@type":"BreadcrumbList","@id":"https:\/\/verbumdei.org\/porto\/grupos\/jovens-vd\/#breadcrumb","itemListElement":[{"@type":"ListItem","position":1,"name":"Início","item":"https:\/\/verbumdei.org\/porto\/"},{"@type":"ListItem","position":2,"name":"Grupos","item":"https:\/\/verbumdei.org\/porto\/grupos\/"},{"@type":"ListItem","position":3,"name":"Jovens VD"}]},{"@type":"WebSite","@id":"https:\/\/verbumdei.org\/porto\/#website","url":"https:\/\/verbumdei.org\/porto\/","name":"Verbum Dei Portugal Norte","description":"Missionários Verbum Dei no Porto e Aveiro: oração, retiro espiritual, formação cristã e evangelização","publisher":{"@id":"https:\/\/verbumdei.org\/porto\/#organization"},"potentialAction":[{"@type":"SearchAction","target":{"@type":"EntryPoint","urlTemplate":"https:\/\/verbumdei.org\/porto\/?s={search_term_string}"},"query-input":{"@type":"PropertyValueSpecification","valueRequired":true,"valueName":"search_term_string"}}],"inLanguage":"pt-PT"},{"@type":"Organization","@id":"https:\/\/verbumdei.org\/porto\/#organization","name":"Verbum Dei Portugal Norte","url":"https:\/\/verbumdei.org\/porto\/","logo":{"@type":"ImageObject","inLanguage":"pt-PT","@id":"https:\/\/verbumdei.org\/porto\/#\/schema\/logo\/image\/","url":"https:\/\/verbumdei.org\/porto\/wp-content\/uploads\/2018\/07\/Logo2.jpg","contentUrl":"https:\/\/verbumdei.org\/porto\/wp-content\/uploads\/2018\/07\/Logo2.jpg","width":123,"height":120,"caption":"Verbum Dei Portugal Norte"},"image":{"@id":"https:\/\/verbumdei.org\/porto\/#\/schema\/logo\/image\/"},"sameAs":["https:\/\/www.facebook.com\/vdportoaveiro\/","https:\/\/instagram.com\/verbumdei.portugal.norte\/"]}]}</script>
<!-- / Yoast SEO plugin. -->

Início

Missionários Verbum Dei no Porto e Aveiro: oração, retiro espiritual, formação cristã e evangelização
