{"id":399,"date":"2016-12-10T14:26:54","date_gmt":"2016-12-10T14:26:54","guid":{"rendered":"http:\/\/verbumdei.pt\/?page_id=399"},"modified":"2025-11-13T18:45:04","modified_gmt":"2025-11-13T17:45:04","slug":"grupo-oracao-familia","status":"publish","type":"page","link":"https:\/\/verbumdei.org\/porto\/grupos\/grupo-oracao-familia\/","title":{"rendered":"Grupo de Ora\u00e7\u00e3o Capela Bom Sucesso"},"content":{"rendered":"<h6 class=\"font_6\"><span style=\"font-family: 'comic sans ms', sans-serif; color: #d43c18;\">Todas as quartas-feiras na Capela de Nossa Senhora do Bom Sucesso<\/span><\/h6>\n<p class=\"font_7\">Consideramos que a ora\u00e7\u00e3o \u00e9 fundamental na nossa vida crist\u00e3. Por isso, al\u00e9m de orar todos os dias pessoalmente, nos reunimos todas as quartas-feiras na Capela de Nossa Senhora do Bom Sucesso \u00e0s 19:30 da tarde, para escutar a Palavra de Deus em comunidade e assimilar o que Deus nos diz ao cora\u00e7\u00e3o. \u00abFalando-nos\u00bb Deus continua a criar-nos, a recriar-nos e a dar sentido \u00e0 nossa vida.<\/p>\n<h6 class=\"font_6\"><span style=\"font-family: 'comic sans ms', sans-serif; color: #d43c18;\">O que \u00e9 orar?<\/span><\/h6>\n<p class=\"font_7\"><span style=\"font-family: 'comic sans ms', sans-serif; color: #000000;\">A Verbum Dei ora por carisma e miss\u00e3o. Por isso \u00e9 pertinente a pergunta: O que \u00e9 orar no nosso carisma? Afirmamos que \u00e9 fazermos experi\u00eancia de di\u00e1logo com o Deus que nos fala \u2013 especialmente pelas Escrituras \u2013 e que, falando-nos, transforma o nosso modo de pensar, de viver e assim projeta a nossa vida na dire\u00e7\u00e3o dos outros. Orar ou n\u00e3o configura-nos de uma forma muito diferente. Rezar d\u00e1-nos uma identidade pr\u00f3pria e individual. Leva-nos a mostrar a riqueza de sermos imagem de Deus. Incita-nos a imitar Cristo e lan\u00e7a-nos a querermos identificar-nos com Ele.<\/span><\/p>\n<h6 class=\"font_6\"><span style=\"font-family: 'comic sans ms', sans-serif; color: #d43c18;\">Orar para qu\u00ea?<\/span><\/h6>\n<p class=\"font_7\"><span style=\"font-family: 'comic sans ms', sans-serif; color: #000000;\">Oramos n\u00e3o s\u00f3 para saber o que Deus nos diz mas, sobretudo, para nos deixarmos convencer por Ele, para assumirmos as Suas palavras e as fazermos nossas, de tal maneira que moldem o nosso modo de pensar e, assim, adquiramos a mentalidade de Cristo. A finalidade da ora\u00e7\u00e3o \u00e9 escutar e responder a Deus. Oramos para ter uma f\u00e9 viva, capaz de alterar a nossa escala de valores. Rezamos para podermos viver contracorrente, para sermos livres, para assumirmos o Evangelho, para O encarnarmos, para estarmos no mundo sem ser do mundo, para oferecer ao mundo o pensar de Deus.<\/span><\/p>\n<h6 class=\"font_6\"><span style=\"font-family: 'comic sans ms', sans-serif; color: #d43c18;\">Porqu\u00ea ensinar a orar?<\/span><\/h6>\n<p class=\"font_7\"><span style=\"font-family: 'comic sans ms', sans-serif; color: #000000;\">\u00c9 espont\u00e2neo para n\u00f3s falar do que rezamos. Mais, n\u00f3s n\u00e3o nos podemos calar.<\/span><\/p>\n<p class=\"font_7\"><span style=\"font-family: 'comic sans ms', sans-serif; color: #000000;\">Compreendemos que a nossa miss\u00e3o \u00e9 orar e ensinar a orar. Pois, como dizia Santa Teresa, salvamos uma pessoa quando a ensinamos a rezar.<\/span><\/p>\n<p class=\"font_7\"><span style=\"font-family: 'comic sans ms', sans-serif; color: #000000;\">Falando do Deus com quem dialogamos, Deus faz-nos participar da Sua mesma Paternidade e Maternidade, anima-nos a partilhar a Vida eterna e faz-nos mediadores da gra\u00e7a da ora\u00e7\u00e3o.<\/span><\/p>\n","protected":false},"excerpt":{"rendered":"<p>Todas as quartas-feiras na Capela de Nossa Senhora do Bom Sucesso Consideramos que a ora\u00e7\u00e3o \u00e9 fundamental na nossa vida crist\u00e3. Por isso, al\u00e9m de orar todos os dias pessoalmente,<a href=\"https:\/\/verbumdei.org\/porto\/grupos\/grupo-oracao-familia\/\" rel=\"bookmark\"><span class=\"screen-reader-text\">Grupo de Ora\u00e7\u00e3o Capela Bom Sucesso<\/span><\/a><\/p>\n","protected":false},"author":7,"featured_media":0,"parent":268,"menu_order":0,"comment_status":"closed","ping_status":"closed","template":"","meta":{"rop_custom_images_group":[],"rop_custom_messages_group":[],"rop_publish_now":"initial","rop_publish_now_accounts":[],"rop_publish_now_history":[],"rop_publish_now_status":"pending","neve_meta_sidebar":"","neve_meta_container":"","neve_meta_enable_content_width":"off","neve_meta_content_width":100,"neve_meta_title_alignment":"","neve_meta_author_avatar":"","neve_post_elements_order":"","neve_meta_disable_header":"","neve_meta_disable_footer":"","neve_meta_disable_title":"","_themeisle_gutenberg_block_has_review":false,"footnotes":""},"class_list":["post-399","page","type-page","status-publish","hentry"],"yoast_head":"<!-- This site is optimized with the Yoast SEO plugin v27.5 - https:\/\/yoast.com\/product\/yoast-seo-wordpress\/ -->\n<title>Grupo de Ora\u00e7\u00e3o Capela Bom Sucesso - Verbum Dei Norte<\/title>\n<meta name=\"robots\" content=\"index, follow, max-snippet:-1, max-image-preview:large, max-video-preview:-1\" \/>\n<link rel=\"canonical\" href=\"https:\/\/verbumdei.org\/porto\/grupos\/grupo-oracao-familia\/\" \/>\n<meta property=\"og:locale\" content=\"pt_PT\" \/>\n<meta property=\"og:type\" content=\"article\" \/>\n<meta property=\"og:title\" content=\"Grupo de Ora\u00e7\u00e3o Capela Bom Sucesso - Verbum Dei Norte\" \/>\n<meta property=\"og:description\" content=\"Todas as quartas-feiras na Capela de Nossa Senhora do Bom Sucesso Consideramos que a ora\u00e7\u00e3o \u00e9 fundamental na nossa vida crist\u00e3. Por isso, al\u00e9m de orar todos os dias pessoalmente,Grupo de Ora\u00e7\u00e3o Capela Bom Sucesso\" \/>\n<meta property=\"og:url\" content=\"https:\/\/verbumdei.org\/porto\/grupos\/grupo-oracao-familia\/\" \/>\n<meta property=\"og:site_name\" content=\"Verbum Dei Norte\" \/>\n<meta property=\"article:publisher\" content=\"https:\/\/www.facebook.com\/vdportoaveiro\/\" \/>\n<meta property=\"article:modified_time\" content=\"2025-11-13T17:45:04+00:00\" \/>\n<meta name=\"twitter:card\" content=\"summary_large_image\" \/>\n<meta name=\"twitter:label1\" content=\"Tempo estimado de leitura\" \/>\n\t<meta name=\"twitter:data1\" content=\"2 minutos\" \/>\n<script type=\"application\/ld+json\" class=\"yoast-schema-graph\">{\"@context\":\"https:\\\/\\\/schema.org\",\"@graph\":[{\"@type\":\"WebPage\",\"@id\":\"https:\\\/\\\/verbumdei.org\\\/porto\\\/grupos\\\/grupo-oracao-familia\\\/\",\"url\":\"https:\\\/\\\/verbumdei.org\\\/porto\\\/grupos\\\/grupo-oracao-familia\\\/\",\"name\":\"Grupo de Ora\u00e7\u00e3o Capela Bom Sucesso - Verbum Dei Norte\",\"isPartOf\":{\"@id\":\"https:\\\/\\\/verbumdei.org\\\/porto\\\/#website\"},\"datePublished\":\"2016-12-10T14:26:54+00:00\",\"dateModified\":\"2025-11-13T17:45:04+00:00\",\"breadcrumb\":{\"@id\":\"https:\\\/\\\/verbumdei.org\\\/porto\\\/grupos\\\/grupo-oracao-familia\\\/#breadcrumb\"},\"inLanguage\":\"pt-PT\",\"potentialAction\":[{\"@type\":\"ReadAction\",\"target\":[\"https:\\\/\\\/verbumdei.org\\\/porto\\\/grupos\\\/grupo-oracao-familia\\\/\"]}]},{\"@type\":\"BreadcrumbList\",\"@id\":\"https:\\\/\\\/verbumdei.org\\\/porto\\\/grupos\\\/grupo-oracao-familia\\\/#breadcrumb\",\"itemListElement\":[{\"@type\":\"ListItem\",\"position\":1,\"name\":\"In\u00edcio\",\"item\":\"https:\\\/\\\/verbumdei.org\\\/porto\\\/\"},{\"@type\":\"ListItem\",\"position\":2,\"name\":\"Grupos\",\"item\":\"https:\\\/\\\/verbumdei.org\\\/porto\\\/grupos\\\/\"},{\"@type\":\"ListItem\",\"position\":3,\"name\":\"Grupo de Ora\u00e7\u00e3o Capela Bom Sucesso\"}]},{\"@type\":\"WebSite\",\"@id\":\"https:\\\/\\\/verbumdei.org\\\/porto\\\/#website\",\"url\":\"https:\\\/\\\/verbumdei.org\\\/porto\\\/\",\"name\":\"Verbum Dei Portugal Norte\",\"description\":\"Mission\u00e1rios Verbum Dei no Porto e Aveiro: ora\u00e7\u00e3o, retiro espiritual, forma\u00e7\u00e3o crist\u00e3 e evangeliza\u00e7\u00e3o\",\"publisher\":{\"@id\":\"https:\\\/\\\/verbumdei.org\\\/porto\\\/#organization\"},\"potentialAction\":[{\"@type\":\"SearchAction\",\"target\":{\"@type\":\"EntryPoint\",\"urlTemplate\":\"https:\\\/\\\/verbumdei.org\\\/porto\\\/?s={search_term_string}\"},\"query-input\":{\"@type\":\"PropertyValueSpecification\",\"valueRequired\":true,\"valueName\":\"search_term_string\"}}],\"inLanguage\":\"pt-PT\"},{\"@type\":\"Organization\",\"@id\":\"https:\\\/\\\/verbumdei.org\\\/porto\\\/#organization\",\"name\":\"Verbum Dei Portugal Norte\",\"url\":\"https:\\\/\\\/verbumdei.org\\\/porto\\\/\",\"logo\":{\"@type\":\"ImageObject\",\"inLanguage\":\"pt-PT\",\"@id\":\"https:\\\/\\\/verbumdei.org\\\/porto\\\/#\\\/schema\\\/logo\\\/image\\\/\",\"url\":\"https:\\\/\\\/verbumdei.org\\\/porto\\\/wp-content\\\/uploads\\\/2018\\\/07\\\/Logo2.jpg\",\"contentUrl\":\"https:\\\/\\\/verbumdei.org\\\/porto\\\/wp-content\\\/uploads\\\/2018\\\/07\\\/Logo2.jpg\",\"width\":123,\"height\":120,\"caption\":\"Verbum Dei Portugal Norte\"},\"image\":{\"@id\":\"https:\\\/\\\/verbumdei.org\\\/porto\\\/#\\\/schema\\\/logo\\\/image\\\/\"},\"sameAs\":[\"https:\\\/\\\/www.facebook.com\\\/vdportoaveiro\\\/\",\"https:\\\/\\\/instagram.com\\\/verbumdei.portugal.norte\\\/\"]}]}<\/script>\n<!-- \/ Yoast SEO plugin. -->","yoast_head_json":{"title":"Grupo de Ora\u00e7\u00e3o Capela Bom Sucesso - Verbum Dei Norte","robots":{"index":"index","follow":"follow","max-snippet":"max-snippet:-1","max-image-preview":"max-image-preview:large","max-video-preview":"max-video-preview:-1"},"canonical":"https:\/\/verbumdei.org\/porto\/grupos\/grupo-oracao-familia\/","og_locale":"pt_PT","og_type":"article","og_title":"Grupo de Ora\u00e7\u00e3o Capela Bom Sucesso - Verbum Dei Norte","og_description":"Todas as quartas-feiras na Capela de Nossa Senhora do Bom Sucesso Consideramos que a ora\u00e7\u00e3o \u00e9 fundamental na nossa vida crist\u00e3. Por isso, al\u00e9m de orar todos os dias pessoalmente,Grupo de Ora\u00e7\u00e3o Capela Bom Sucesso","og_url":"https:\/\/verbumdei.org\/porto\/grupos\/grupo-oracao-familia\/","og_site_name":"Verbum Dei Norte","article_publisher":"https:\/\/www.facebook.com\/vdportoaveiro\/","article_modified_time":"2025-11-13T17:45:04+00:00","twitter_card":"summary_large_image","twitter_misc":{"Tempo estimado de leitura":"2 minutos"},"schema":{"@context":"https:\/\/schema.org","@graph":[{"@type":"WebPage","@id":"https:\/\/verbumdei.org\/porto\/grupos\/grupo-oracao-familia\/","url":"https:\/\/verbumdei.org\/porto\/grupos\/grupo-oracao-familia\/","name":"Grupo de Ora\u00e7\u00e3o Capela Bom Sucesso - Verbum Dei Norte","isPartOf":{"@id":"https:\/\/verbumdei.org\/porto\/#website"},"datePublished":"2016-12-10T14:26:54+00:00","dateModified":"2025-11-13T17:45:04+00:00","breadcrumb":{"@id":"https:\/\/verbumdei.org\/porto\/grupos\/grupo-oracao-familia\/#breadcrumb"},"inLanguage":"pt-PT","potentialAction":[{"@type":"ReadAction","target":["https:\/\/verbumdei.org\/porto\/grupos\/grupo-oracao-familia\/"]}]},{"@type":"BreadcrumbList","@id":"https:\/\/verbumdei.org\/porto\/grupos\/grupo-oracao-familia\/#breadcrumb","itemListElement":[{"@type":"ListItem","position":1,"name":"In\u00edcio","item":"https:\/\/verbumdei.org\/porto\/"},{"@type":"ListItem","position":2,"name":"Grupos","item":"https:\/\/verbumdei.org\/porto\/grupos\/"},{"@type":"ListItem","position":3,"name":"Grupo de Ora\u00e7\u00e3o Capela Bom Sucesso"}]},{"@type":"WebSite","@id":"https:\/\/verbumdei.org\/porto\/#website","url":"https:\/\/verbumdei.org\/porto\/","name":"Verbum Dei Portugal Norte","description":"Mission\u00e1rios Verbum Dei no Porto e Aveiro: ora\u00e7\u00e3o, retiro espiritual, forma\u00e7\u00e3o crist\u00e3 e evangeliza\u00e7\u00e3o","publisher":{"@id":"https:\/\/verbumdei.org\/porto\/#organization"},"potentialAction":[{"@type":"SearchAction","target":{"@type":"EntryPoint","urlTemplate":"https:\/\/verbumdei.org\/porto\/?s={search_term_string}"},"query-input":{"@type":"PropertyValueSpecification","valueRequired":true,"valueName":"search_term_string"}}],"inLanguage":"pt-PT"},{"@type":"Organization","@id":"https:\/\/verbumdei.org\/porto\/#organization","name":"Verbum Dei Portugal Norte","url":"https:\/\/verbumdei.org\/porto\/","logo":{"@type":"ImageObject","inLanguage":"pt-PT","@id":"https:\/\/verbumdei.org\/porto\/#\/schema\/logo\/image\/","url":"https:\/\/verbumdei.org\/porto\/wp-content\/uploads\/2018\/07\/Logo2.jpg","contentUrl":"https:\/\/verbumdei.org\/porto\/wp-content\/uploads\/2018\/07\/Logo2.jpg","width":123,"height":120,"caption":"Verbum Dei Portugal Norte"},"image":{"@id":"https:\/\/verbumdei.org\/porto\/#\/schema\/logo\/image\/"},"sameAs":["https:\/\/www.facebook.com\/vdportoaveiro\/","https:\/\/instagram.com\/verbumdei.portugal.norte\/"]}]}},"jetpack_sharing_enabled":true,"_links":{"self":[{"href":"https:\/\/verbumdei.org\/porto\/wp-json\/wp\/v2\/pages\/399","targetHints":{"allow":["GET"]}}],"collection":[{"href":"https:\/\/verbumdei.org\/porto\/wp-json\/wp\/v2\/pages"}],"about":[{"href":"https:\/\/verbumdei.org\/porto\/wp-json\/wp\/v2\/types\/page"}],"author":[{"embeddable":true,"href":"https:\/\/verbumdei.org\/porto\/wp-json\/wp\/v2\/users\/7"}],"replies":[{"embeddable":true,"href":"https:\/\/verbumdei.org\/porto\/wp-json\/wp\/v2\/comments?post=399"}],"version-history":[{"count":3,"href":"https:\/\/verbumdei.org\/porto\/wp-json\/wp\/v2\/pages\/399\/revisions"}],"predecessor-version":[{"id":9997,"href":"https:\/\/verbumdei.org\/porto\/wp-json\/wp\/v2\/pages\/399\/revisions\/9997"}],"up":[{"embeddable":true,"href":"https:\/\/verbumdei.org\/porto\/wp-json\/wp\/v2\/pages\/268"}],"wp:attachment":[{"href":"https:\/\/verbumdei.org\/porto\/wp-json\/wp\/v2\/media?parent=399"}],"curies":[{"name":"wp","href":"https:\/\/api.w.org\/{rel}","templated":true}]}}

Grupo de Oração Capela Bom Sucesso

<h6 class="font_6"><span style="font-family: 'comic sans ms', sans-serif; color: #d43c18;">Todas as quartas-feiras na Capela de Nossa Senhora do Bom Sucesso</span></h6>
<p class="font_7">Consideramos que a oração é fundamental na nossa vida cristã. Por isso, além de orar todos os dias pessoalmente, nos reunimos todas as quartas-feiras na Capela de Nossa Senhora do Bom Sucesso às 19:30 da tarde, para escutar a Palavra de Deus em comunidade e assimilar o que Deus nos diz ao coração. «Falando-nos» Deus continua a criar-nos, a recriar-nos e a dar sentido à nossa vida.</p>
<h6 class="font_6"><span style="font-family: 'comic sans ms', sans-serif; color: #d43c18;">O que é orar?</span></h6>
<p class="font_7"><span style="font-family: 'comic sans ms', sans-serif; color: #000000;">A Verbum Dei ora por carisma e missão. Por isso é pertinente a pergunta: O que é orar no nosso carisma? Afirmamos que é fazermos experiência de diálogo com o Deus que nos fala – especialmente pelas Escrituras – e que, falando-nos, transforma o nosso modo de pensar, de viver e assim projeta a nossa vida na direção dos outros. Orar ou não configura-nos de uma forma muito diferente. Rezar dá-nos uma identidade própria e individual. Leva-nos a mostrar a riqueza de sermos imagem de Deus. Incita-nos a imitar Cristo e lança-nos a querermos identificar-nos com Ele.</span></p>
<h6 class="font_6"><span style="font-family: 'comic sans ms', sans-serif; color: #d43c18;">Orar para quê?</span></h6>
<p class="font_7"><span style="font-family: 'comic sans ms', sans-serif; color: #000000;">Oramos não só para saber o que Deus nos diz mas, sobretudo, para nos deixarmos convencer por Ele, para assumirmos as Suas palavras e as fazermos nossas, de tal maneira que moldem o nosso modo de pensar e, assim, adquiramos a mentalidade de Cristo. A finalidade da oração é escutar e responder a Deus. Oramos para ter uma fé viva, capaz de alterar a nossa escala de valores. Rezamos para podermos viver contracorrente, para sermos livres, para assumirmos o Evangelho, para O encarnarmos, para estarmos no mundo sem ser do mundo, para oferecer ao mundo o pensar de Deus.</span></p>
<h6 class="font_6"><span style="font-family: 'comic sans ms', sans-serif; color: #d43c18;">Porquê ensinar a orar?</span></h6>
<p class="font_7"><span style="font-family: 'comic sans ms', sans-serif; color: #000000;">É espontâneo para nós falar do que rezamos. Mais, nós não nos podemos calar.</span></p>
<p class="font_7"><span style="font-family: 'comic sans ms', sans-serif; color: #000000;">Compreendemos que a nossa missão é orar e ensinar a orar. Pois, como dizia Santa Teresa, salvamos uma pessoa quando a ensinamos a rezar.</span></p>
<p class="font_7"><span style="font-family: 'comic sans ms', sans-serif; color: #000000;">Falando do Deus com quem dialogamos, Deus faz-nos participar da Sua mesma Paternidade e Maternidade, anima-nos a partilhar a Vida eterna e faz-nos mediadores da graça da oração.</span></p>

<p>Todas as quartas-feiras na Capela de Nossa Senhora do Bom Sucesso Consideramos que a oração é fundamental na nossa vida cristã. Por isso, além de orar todos os dias pessoalmente,<a href="https://verbumdei.org/porto/grupos/grupo-oracao-familia/" rel="bookmark"><span class="screen-reader-text">Grupo de Oração Capela Bom Sucesso</span></a></p>

<!-- This site is optimized with the Yoast SEO plugin v27.5 - https://yoast.com/product/yoast-seo-wordpress/ -->
<title>Grupo de Oração Capela Bom Sucesso - Verbum Dei Norte</title>
<meta name="robots" content="index, follow, max-snippet:-1, max-image-preview:large, max-video-preview:-1" />
<link rel="canonical" href="https://verbumdei.org/porto/grupos/grupo-oracao-familia/" />
<meta property="og:locale" content="pt_PT" />
<meta property="og:type" content="article" />
<meta property="og:title" content="Grupo de Oração Capela Bom Sucesso - Verbum Dei Norte" />
<meta property="og:description" content="Todas as quartas-feiras na Capela de Nossa Senhora do Bom Sucesso Consideramos que a oração é fundamental na nossa vida cristã. Por isso, além de orar todos os dias pessoalmente,Grupo de Oração Capela Bom Sucesso" />
<meta property="og:url" content="https://verbumdei.org/porto/grupos/grupo-oracao-familia/" />
<meta property="og:site_name" content="Verbum Dei Norte" />
<meta property="article:publisher" content="https://www.facebook.com/vdportoaveiro/" />
<meta property="article:modified_time" content="2025-11-13T17:45:04+00:00" />
<meta name="twitter:card" content="summary_large_image" />
<meta name="twitter:label1" content="Tempo estimado de leitura" />
	<meta name="twitter:data1" content="2 minutos" />
<script type="application/ld+json" class="yoast-schema-graph">{"@context":"https:\/\/schema.org","@graph":[{"@type":"WebPage","@id":"https:\/\/verbumdei.org\/porto\/grupos\/grupo-oracao-familia\/","url":"https:\/\/verbumdei.org\/porto\/grupos\/grupo-oracao-familia\/","name":"Grupo de Oração Capela Bom Sucesso - Verbum Dei Norte","isPartOf":{"@id":"https:\/\/verbumdei.org\/porto\/#website"},"datePublished":"2016-12-10T14:26:54+00:00","dateModified":"2025-11-13T17:45:04+00:00","breadcrumb":{"@id":"https:\/\/verbumdei.org\/porto\/grupos\/grupo-oracao-familia\/#breadcrumb"},"inLanguage":"pt-PT","potentialAction":[{"@type":"ReadAction","target":["https:\/\/verbumdei.org\/porto\/grupos\/grupo-oracao-familia\/"]}]},{"@type":"BreadcrumbList","@id":"https:\/\/verbumdei.org\/porto\/grupos\/grupo-oracao-familia\/#breadcrumb","itemListElement":[{"@type":"ListItem","position":1,"name":"Início","item":"https:\/\/verbumdei.org\/porto\/"},{"@type":"ListItem","position":2,"name":"Grupos","item":"https:\/\/verbumdei.org\/porto\/grupos\/"},{"@type":"ListItem","position":3,"name":"Grupo de Oração Capela Bom Sucesso"}]},{"@type":"WebSite","@id":"https:\/\/verbumdei.org\/porto\/#website","url":"https:\/\/verbumdei.org\/porto\/","name":"Verbum Dei Portugal Norte","description":"Missionários Verbum Dei no Porto e Aveiro: oração, retiro espiritual, formação cristã e evangelização","publisher":{"@id":"https:\/\/verbumdei.org\/porto\/#organization"},"potentialAction":[{"@type":"SearchAction","target":{"@type":"EntryPoint","urlTemplate":"https:\/\/verbumdei.org\/porto\/?s={search_term_string}"},"query-input":{"@type":"PropertyValueSpecification","valueRequired":true,"valueName":"search_term_string"}}],"inLanguage":"pt-PT"},{"@type":"Organization","@id":"https:\/\/verbumdei.org\/porto\/#organization","name":"Verbum Dei Portugal Norte","url":"https:\/\/verbumdei.org\/porto\/","logo":{"@type":"ImageObject","inLanguage":"pt-PT","@id":"https:\/\/verbumdei.org\/porto\/#\/schema\/logo\/image\/","url":"https:\/\/verbumdei.org\/porto\/wp-content\/uploads\/2018\/07\/Logo2.jpg","contentUrl":"https:\/\/verbumdei.org\/porto\/wp-content\/uploads\/2018\/07\/Logo2.jpg","width":123,"height":120,"caption":"Verbum Dei Portugal Norte"},"image":{"@id":"https:\/\/verbumdei.org\/porto\/#\/schema\/logo\/image\/"},"sameAs":["https:\/\/www.facebook.com\/vdportoaveiro\/","https:\/\/instagram.com\/verbumdei.portugal.norte\/"]}]}</script>
<!-- / Yoast SEO plugin. -->

Grupo de Oração Capela Bom Sucesso - Verbum Dei Norte

Todas as quartas-feiras na Capela de Nossa Senhora do Bom Sucesso Consideramos que a oração é fundamental na nossa vida cristã. Por isso, além de orar todos os dias pessoalmente,Grupo de Oração Capela Bom Sucesso

Início

Missionários Verbum Dei no Porto e Aveiro: oração, retiro espiritual, formação cristã e evangelização
