{"id":358,"date":"2016-12-10T11:32:16","date_gmt":"2016-12-10T11:32:16","guid":{"rendered":"http:\/\/verbumdei.pt\/?page_id=358"},"modified":"2025-11-24T20:12:29","modified_gmt":"2025-11-24T19:12:29","slug":"guia-de-oracao","status":"publish","type":"page","link":"https:\/\/verbumdei.org\/porto\/oracao\/guia-de-oracao\/","title":{"rendered":"Guia de Ora\u00e7\u00e3o"},"content":{"rendered":"<h3>Podes unir-te ao grupo de Pistas de Ora\u00e7\u00e3o di\u00e1ria &#8220;<a href=\"https:\/\/chat.whatsapp.com\/Jw6pRwjttPO65p2b5h9XRW\">Pera a\u00ed<\/a>&#8221; por meio do grupo de WhatsApp<\/h3>\n<h5 style=\"text-align: justify;\"><em><span style=\"font-family: 'comic sans ms', sans-serif; color: #d43c18;\">A maior alegria de Deus \u00e9 relacionar-se com o ser humano, por Ele criado com amor e para o amor. A Ora\u00e7\u00e3o com a Sua Palavra \u00e9 um dos meios privilegiados para este encontro. Deus d\u00e1-se generosamente a todos os que o procuram,(SI. 34, 5-11) (Sab 6, 11-20).Para o Homem, rezar \u00e9 uma atividade\/atitude primordial, porque \u00e9 nesta rela\u00e7\u00e3o de verdadeiro amor que descobre e constr\u00f3i o sentido da pr\u00f3pria vida.<\/span><\/em><\/h5>\n<h2 class=\"font_6\"><span style=\"font-family: 'comic sans ms', sans-serif; color: #d43c18;\">Ao inicio<\/span><\/h2>\n<ul class=\"font_7\">\n<li>\n<p class=\"font_7\"><span style=\"font-family: 'comic sans ms', sans-serif; color: #000000;\">Escolher um espa\u00e7o, uma postura corporal e outras condi\u00e7\u00f5es exteriores facilitadoras.<\/span><\/p>\n<\/li>\n<li>\n<p class=\"font_7\"><span style=\"font-family: 'comic sans ms', sans-serif; color: #000000;\">Criar sil\u00eancio interior. Acalmar tudo o que est\u00e1 dentro de mim Confi\u00e1-lo ao Pai, a Maria.<\/span><\/p>\n<\/li>\n<li>\n<p class=\"font_7\" style=\"text-align: justify;\"><span style=\"font-family: 'comic sans ms', sans-serif; color: #000000;\">Tornar Deus presente. Tomar consci\u00eancia de que Ele est\u00e1 comigo agora, tal como tem estado desde sempre. Deus, apesar de desejar relacionar-se comigo, n\u00e3o Se imp\u00f5e; quer que, livremente, eu O procure. Conhece-me. Ama-me. Sou precioso e bem visto aos seus olhos. N\u00e3o me acusa de nada. Acolhe-me com um abra\u00e7o, em festa.<\/span><\/p>\n<\/li>\n<li>\n<p class=\"font_7\" style=\"text-align: justify;\"><span style=\"font-family: 'comic sans ms', sans-serif; color: #000000;\">Pedir ajuda para rezar. Este tempo de ora\u00e7\u00e3o n\u00e3o depende s\u00f3 das minhas for\u00e7as. Pedir ao Esp\u00edrito Santo que conduza o nosso di\u00e1logo; pedir-lhe luz, docilidade. Oferecer o meu desejo de encontro. Confiar-lhe os meus medos e dificuldades no orar.<\/span><\/p>\n<\/li>\n<\/ul>\n<h2 class=\"font_6\"><span style=\"font-family: 'comic sans ms', sans-serif; color: #d43c18;\">Pegar na Sua Palavra<\/span><\/h2>\n<p class=\"font_7\" style=\"text-align: justify;\"><span style=\"font-family: 'comic sans ms', sans-serif; color: #000000;\">Nas pistas, no texto e ler devagar, com aten\u00e7\u00e3o, sem pressas. Serenamente, reler. Parar onde algo me chama a aten\u00e7\u00e3o, sublinhar, fazer sil\u00eancio, dialogar.<\/span><\/p>\n<p class=\"font_7\" style=\"text-align: justify;\"><span style=\"font-family: 'comic sans ms', sans-serif; color: #000000;\">P\u00f4r-me no lugar das personagens em causa, Jesus, Maria, os disc\u00edpulos; Imaginar os espa\u00e7os, os contextos (criar uma \u201ccomposi\u00e7\u00e3o de lugar\u201d); questionar as reac\u00e7\u00f5es, as motiva\u00e7\u00f5es, as inten\u00e7\u00f5es.<\/span><\/p>\n<p class=\"font_7\" style=\"text-align: justify;\"><span style=\"font-family: 'comic sans ms', sans-serif; color: #000000;\">Em cada frase que leio \u00e9 o Senhor que me fala. Pai, Jesus, Esp\u00edrito Santo, Mana: o que \u00e9 que est\u00e3o a tentar dizer-me? Porqu\u00ea? Como posso p\u00f4-lo em pr\u00e1tica?<\/span><\/p>\n<p class=\"font_7\" style=\"text-align: justify;\"><span style=\"font-family: 'comic sans ms', sans-serif; color: #000000;\">A Palavra que leio tem a ver com a minha vida, com a vida dos que me rodeiam. &#8211; Querido Pai, Tu conheces-me como ningu\u00e9m! O que me sugeres nesta Palavra, nesta frase, nesta atitude? Qual a Tua vontade, o Teu sonho para mim e para os meus irm\u00e3os? Como posso amar? O que queres transformar? O que posso mudar?<\/span><\/p>\n<h2 class=\"font_6\"><span style=\"font-family: 'comic sans ms', sans-serif; color: #d43c18;\">Contemplar<\/span><\/h2>\n<p class=\"font_7\" style=\"text-align: justify;\"><span style=\"font-family: 'comic sans ms', sans-serif; color: #000000;\">Saborear. Mergulhar no cora\u00e7\u00e3o de Deus. Deixar-me amar, deixar que Ele me perdoe, que me d\u00ea a conhecer os Seus sonhos. Deixar-me contagiar pelo Seu modo de estar, pelo Seu modo de amar. <\/span><\/p>\n<h2 class=\"font_6\"><span style=\"font-family: 'comic sans ms', sans-serif; color: #d43c18;\">Se estou com dificuldade em concentrar-me ou me distraio facilmente<\/span><\/h2>\n<ul class=\"font_7\">\n<li>\n<p class=\"font_7\" style=\"text-align: justify;\"><span style=\"font-family: 'comic sans ms', sans-serif; color: #000000;\">Escrever a ora\u00e7\u00e3o, dialogando (por exemplo: \u00abQuerido Pai, estou aqui diante de Ti. Tu conheces-me, sabes a vontade que tenho de parar, de estar contigo. Conheces o que agora me distrai e preocupa. Ponho-o nas tuas m\u00e3os. Confio que Tu est\u00e1s atento e activo, que n\u00e3o cruzas os bra\u00e7os enquanto houver um ser humano que sofra. Aumenta a minha confian\u00e7a! Ajuda-me Esp\u00edrito Santo, neste tempo de ora\u00e7\u00e3o; guia-me por onde vires que \u00e9 melhor. N\u00e3o sei muito bem o que rezar, o que dizer&#8230; Mas sei que Tu est\u00e1s e que o tempo passado contigo n\u00e3o ser\u00e1 em v\u00e3o, mas dar\u00e1 muito fruto, a seu tempo. Quero centrar-me em Ti, por isso pego na Tua Palavra, para Te ouvir. Hoje, Jesus, que queres dizer-me?..\u00bb).<\/span><\/p>\n<\/li>\n<li style=\"text-align: justify;\">\n<p class=\"font_7\"><span style=\"font-family: 'comic sans ms', sans-serif; color: #000000;\">Pedir ajuda, partilhar com Eles a distrac\u00e7\u00e3o, as dificuldades; recome\u00e7ar com serenidade (Maria, estou cheio de sono!&#8230; Penso mesmo que cheguei a dormir um pouco&#8230; N\u00e3o \u00e9 grave? Tu \u00e9s m\u00e3e: soube-te bem veres-me a dormir e a descansar junto de Ti? Tens poder de me alimentar, mesmo enquanto durmo? Obrigado! Ajuda-me, ent\u00e3o, a recome\u00e7ar, apesar do pouco tempo que resta\u00bb); Posso ir escrevendo \u00e0 parte o que me distrai para resolver mais tarde.<\/span><\/p>\n<\/li>\n<li>\n<p class=\"font_7\" style=\"text-align: justify;\"><span style=\"font-family: 'comic sans ms', sans-serif; color: #000000;\">Se algo me preocupa muito, posso dialog\u00e1-lo com Deus, mas devo dar-lhe espa\u00e7o e tempo para que me responda. Pedir-lhe um olhar atento, uma espera confiante. A Sua resposta estar\u00e1 na Sua Palavra, nas palavras dos outros, nas atitudes, nos acontecimentos.<\/span><\/p>\n<\/li>\n<\/ul>\n<h2 class=\"font_6\"><span style=\"font-family: 'comic sans ms', sans-serif; color: #d43c18;\">Quando for hora de terminar<\/span><\/h2>\n<ul class=\"font_7\">\n<li style=\"text-align: justify;\"><span style=\"font-family: 'comic sans ms', sans-serif; color: #000000;\">Fazer um resumo da ora\u00e7\u00e3o:<br \/>\n<span style=\"margin-left: 40px;\"><span style=\"font-family: 'comic sans ms', sans-serif; color: #000000;\">1) Hoje Senhor o que me ensinas-te? Que sugest\u00f5es para a vida me foram dadas por Ti?<br \/>\n<span style=\"margin-left: 40px;\"><span style=\"font-family: 'comic sans ms', sans-serif; color: #000000;\">2) Do que aprendi, o que vejo que devo p\u00f4r em pr\u00e1tica? Quero comprometer-me a&#8230;<br \/>\n<span style=\"margin-left: 40px;\"><span style=\"font-family: 'comic sans ms', sans-serif; color: #000000;\">3) Do que recebi o que me chamas a transmitir? Pode ser \u00fatil a quem? Qual a melhor maneira de o partilhar?<\/span><\/span><\/span><\/span><\/span><\/span><\/span><\/li>\n<\/ul>\n<ul class=\"font_7\">\n<li><span style=\"font-family: 'comic sans ms', sans-serif; color: #000000;\">Agradecer a Sua presen\u00e7a, o Seu amor e disponibilidade.<\/span><\/li>\n<li style=\"text-align: justify;\"><span style=\"font-family: 'comic sans ms', sans-serif; color: #000000;\">Pedir o dom de crescer no amor e de levar para a vida o dialogado, pois sabemos que a felicidade vem, n\u00e3o s\u00f3 de ouvir a Palavra de Deus mas de a p\u00f4r em pr\u00e1tica (Jo. 13, 14-15). Permanecer na confian\u00e7a apesar das d\u00favidas que subsistem, do que ainda n\u00e3o \u00e9 claro e continua a ser \u00e1rido e dif\u00edcil. Pedir o dom de permanecermos unidos ao longo da vida e de crescer em Amor e Humildade para partilhar com os outros o que recebi de bom.<\/span><\/li>\n<\/ul>\n","protected":false},"excerpt":{"rendered":"<p>Podes unir-te ao grupo de Pistas de Ora\u00e7\u00e3o di\u00e1ria &#8220;Pera a\u00ed&#8221; por meio do grupo de WhatsApp A maior alegria de Deus \u00e9 relacionar-se com o ser humano, por Ele<a href=\"https:\/\/verbumdei.org\/porto\/oracao\/guia-de-oracao\/\" rel=\"bookmark\"><span class=\"screen-reader-text\">Guia de Ora\u00e7\u00e3o<\/span><\/a><\/p>\n","protected":false},"author":7,"featured_media":0,"parent":293,"menu_order":0,"comment_status":"closed","ping_status":"closed","template":"","meta":{"rop_custom_images_group":[],"rop_custom_messages_group":[],"rop_publish_now":"initial","rop_publish_now_accounts":[],"rop_publish_now_history":[],"rop_publish_now_status":"pending","neve_meta_sidebar":"","neve_meta_container":"","neve_meta_enable_content_width":"off","neve_meta_content_width":100,"neve_meta_title_alignment":"","neve_meta_author_avatar":"","neve_post_elements_order":"","neve_meta_disable_header":"","neve_meta_disable_footer":"","neve_meta_disable_title":"","_themeisle_gutenberg_block_has_review":false,"footnotes":""},"class_list":["post-358","page","type-page","status-publish","hentry"],"yoast_head":"<!-- This site is optimized with the Yoast SEO plugin v27.5 - https:\/\/yoast.com\/product\/yoast-seo-wordpress\/ -->\n<title>Guia de Ora\u00e7\u00e3o - Verbum Dei Norte<\/title>\n<meta name=\"robots\" content=\"index, follow, max-snippet:-1, max-image-preview:large, max-video-preview:-1\" \/>\n<link rel=\"canonical\" href=\"https:\/\/verbumdei.org\/porto\/oracao\/guia-de-oracao\/\" \/>\n<meta property=\"og:locale\" content=\"pt_PT\" \/>\n<meta property=\"og:type\" content=\"article\" \/>\n<meta property=\"og:title\" content=\"Guia de Ora\u00e7\u00e3o - Verbum Dei Norte\" \/>\n<meta property=\"og:description\" content=\"Podes unir-te ao grupo de Pistas de Ora\u00e7\u00e3o di\u00e1ria &#8220;Pera a\u00ed&#8221; por meio do grupo de WhatsApp A maior alegria de Deus \u00e9 relacionar-se com o ser humano, por EleGuia de Ora\u00e7\u00e3o\" \/>\n<meta property=\"og:url\" content=\"https:\/\/verbumdei.org\/porto\/oracao\/guia-de-oracao\/\" \/>\n<meta property=\"og:site_name\" content=\"Verbum Dei Norte\" \/>\n<meta property=\"article:publisher\" content=\"https:\/\/www.facebook.com\/vdportoaveiro\/\" \/>\n<meta property=\"article:modified_time\" content=\"2025-11-24T19:12:29+00:00\" \/>\n<meta name=\"twitter:card\" content=\"summary_large_image\" \/>\n<meta name=\"twitter:label1\" content=\"Tempo estimado de leitura\" \/>\n\t<meta name=\"twitter:data1\" content=\"5 minutos\" \/>\n<script type=\"application\/ld+json\" class=\"yoast-schema-graph\">{\"@context\":\"https:\\\/\\\/schema.org\",\"@graph\":[{\"@type\":\"WebPage\",\"@id\":\"https:\\\/\\\/verbumdei.org\\\/porto\\\/oracao\\\/guia-de-oracao\\\/\",\"url\":\"https:\\\/\\\/verbumdei.org\\\/porto\\\/oracao\\\/guia-de-oracao\\\/\",\"name\":\"Guia de Ora\u00e7\u00e3o - Verbum Dei Norte\",\"isPartOf\":{\"@id\":\"https:\\\/\\\/verbumdei.org\\\/porto\\\/#website\"},\"datePublished\":\"2016-12-10T11:32:16+00:00\",\"dateModified\":\"2025-11-24T19:12:29+00:00\",\"breadcrumb\":{\"@id\":\"https:\\\/\\\/verbumdei.org\\\/porto\\\/oracao\\\/guia-de-oracao\\\/#breadcrumb\"},\"inLanguage\":\"pt-PT\",\"potentialAction\":[{\"@type\":\"ReadAction\",\"target\":[\"https:\\\/\\\/verbumdei.org\\\/porto\\\/oracao\\\/guia-de-oracao\\\/\"]}]},{\"@type\":\"BreadcrumbList\",\"@id\":\"https:\\\/\\\/verbumdei.org\\\/porto\\\/oracao\\\/guia-de-oracao\\\/#breadcrumb\",\"itemListElement\":[{\"@type\":\"ListItem\",\"position\":1,\"name\":\"In\u00edcio\",\"item\":\"https:\\\/\\\/verbumdei.org\\\/porto\\\/\"},{\"@type\":\"ListItem\",\"position\":2,\"name\":\"Ora\u00e7\u00e3o\",\"item\":\"https:\\\/\\\/verbumdei.org\\\/porto\\\/oracao\\\/\"},{\"@type\":\"ListItem\",\"position\":3,\"name\":\"Guia de Ora\u00e7\u00e3o\"}]},{\"@type\":\"WebSite\",\"@id\":\"https:\\\/\\\/verbumdei.org\\\/porto\\\/#website\",\"url\":\"https:\\\/\\\/verbumdei.org\\\/porto\\\/\",\"name\":\"Verbum Dei Portugal Norte\",\"description\":\"Mission\u00e1rios Verbum Dei no Porto e Aveiro: ora\u00e7\u00e3o, retiro espiritual, forma\u00e7\u00e3o crist\u00e3 e evangeliza\u00e7\u00e3o\",\"publisher\":{\"@id\":\"https:\\\/\\\/verbumdei.org\\\/porto\\\/#organization\"},\"potentialAction\":[{\"@type\":\"SearchAction\",\"target\":{\"@type\":\"EntryPoint\",\"urlTemplate\":\"https:\\\/\\\/verbumdei.org\\\/porto\\\/?s={search_term_string}\"},\"query-input\":{\"@type\":\"PropertyValueSpecification\",\"valueRequired\":true,\"valueName\":\"search_term_string\"}}],\"inLanguage\":\"pt-PT\"},{\"@type\":\"Organization\",\"@id\":\"https:\\\/\\\/verbumdei.org\\\/porto\\\/#organization\",\"name\":\"Verbum Dei Portugal Norte\",\"url\":\"https:\\\/\\\/verbumdei.org\\\/porto\\\/\",\"logo\":{\"@type\":\"ImageObject\",\"inLanguage\":\"pt-PT\",\"@id\":\"https:\\\/\\\/verbumdei.org\\\/porto\\\/#\\\/schema\\\/logo\\\/image\\\/\",\"url\":\"https:\\\/\\\/verbumdei.org\\\/porto\\\/wp-content\\\/uploads\\\/2018\\\/07\\\/Logo2.jpg\",\"contentUrl\":\"https:\\\/\\\/verbumdei.org\\\/porto\\\/wp-content\\\/uploads\\\/2018\\\/07\\\/Logo2.jpg\",\"width\":123,\"height\":120,\"caption\":\"Verbum Dei Portugal Norte\"},\"image\":{\"@id\":\"https:\\\/\\\/verbumdei.org\\\/porto\\\/#\\\/schema\\\/logo\\\/image\\\/\"},\"sameAs\":[\"https:\\\/\\\/www.facebook.com\\\/vdportoaveiro\\\/\",\"https:\\\/\\\/instagram.com\\\/verbumdei.portugal.norte\\\/\"]}]}<\/script>\n<!-- \/ Yoast SEO plugin. -->","yoast_head_json":{"title":"Guia de Ora\u00e7\u00e3o - Verbum Dei Norte","robots":{"index":"index","follow":"follow","max-snippet":"max-snippet:-1","max-image-preview":"max-image-preview:large","max-video-preview":"max-video-preview:-1"},"canonical":"https:\/\/verbumdei.org\/porto\/oracao\/guia-de-oracao\/","og_locale":"pt_PT","og_type":"article","og_title":"Guia de Ora\u00e7\u00e3o - Verbum Dei Norte","og_description":"Podes unir-te ao grupo de Pistas de Ora\u00e7\u00e3o di\u00e1ria &#8220;Pera a\u00ed&#8221; por meio do grupo de WhatsApp A maior alegria de Deus \u00e9 relacionar-se com o ser humano, por EleGuia de Ora\u00e7\u00e3o","og_url":"https:\/\/verbumdei.org\/porto\/oracao\/guia-de-oracao\/","og_site_name":"Verbum Dei Norte","article_publisher":"https:\/\/www.facebook.com\/vdportoaveiro\/","article_modified_time":"2025-11-24T19:12:29+00:00","twitter_card":"summary_large_image","twitter_misc":{"Tempo estimado de leitura":"5 minutos"},"schema":{"@context":"https:\/\/schema.org","@graph":[{"@type":"WebPage","@id":"https:\/\/verbumdei.org\/porto\/oracao\/guia-de-oracao\/","url":"https:\/\/verbumdei.org\/porto\/oracao\/guia-de-oracao\/","name":"Guia de Ora\u00e7\u00e3o - Verbum Dei Norte","isPartOf":{"@id":"https:\/\/verbumdei.org\/porto\/#website"},"datePublished":"2016-12-10T11:32:16+00:00","dateModified":"2025-11-24T19:12:29+00:00","breadcrumb":{"@id":"https:\/\/verbumdei.org\/porto\/oracao\/guia-de-oracao\/#breadcrumb"},"inLanguage":"pt-PT","potentialAction":[{"@type":"ReadAction","target":["https:\/\/verbumdei.org\/porto\/oracao\/guia-de-oracao\/"]}]},{"@type":"BreadcrumbList","@id":"https:\/\/verbumdei.org\/porto\/oracao\/guia-de-oracao\/#breadcrumb","itemListElement":[{"@type":"ListItem","position":1,"name":"In\u00edcio","item":"https:\/\/verbumdei.org\/porto\/"},{"@type":"ListItem","position":2,"name":"Ora\u00e7\u00e3o","item":"https:\/\/verbumdei.org\/porto\/oracao\/"},{"@type":"ListItem","position":3,"name":"Guia de Ora\u00e7\u00e3o"}]},{"@type":"WebSite","@id":"https:\/\/verbumdei.org\/porto\/#website","url":"https:\/\/verbumdei.org\/porto\/","name":"Verbum Dei Portugal Norte","description":"Mission\u00e1rios Verbum Dei no Porto e Aveiro: ora\u00e7\u00e3o, retiro espiritual, forma\u00e7\u00e3o crist\u00e3 e evangeliza\u00e7\u00e3o","publisher":{"@id":"https:\/\/verbumdei.org\/porto\/#organization"},"potentialAction":[{"@type":"SearchAction","target":{"@type":"EntryPoint","urlTemplate":"https:\/\/verbumdei.org\/porto\/?s={search_term_string}"},"query-input":{"@type":"PropertyValueSpecification","valueRequired":true,"valueName":"search_term_string"}}],"inLanguage":"pt-PT"},{"@type":"Organization","@id":"https:\/\/verbumdei.org\/porto\/#organization","name":"Verbum Dei Portugal Norte","url":"https:\/\/verbumdei.org\/porto\/","logo":{"@type":"ImageObject","inLanguage":"pt-PT","@id":"https:\/\/verbumdei.org\/porto\/#\/schema\/logo\/image\/","url":"https:\/\/verbumdei.org\/porto\/wp-content\/uploads\/2018\/07\/Logo2.jpg","contentUrl":"https:\/\/verbumdei.org\/porto\/wp-content\/uploads\/2018\/07\/Logo2.jpg","width":123,"height":120,"caption":"Verbum Dei Portugal Norte"},"image":{"@id":"https:\/\/verbumdei.org\/porto\/#\/schema\/logo\/image\/"},"sameAs":["https:\/\/www.facebook.com\/vdportoaveiro\/","https:\/\/instagram.com\/verbumdei.portugal.norte\/"]}]}},"jetpack_sharing_enabled":true,"_links":{"self":[{"href":"https:\/\/verbumdei.org\/porto\/wp-json\/wp\/v2\/pages\/358","targetHints":{"allow":["GET"]}}],"collection":[{"href":"https:\/\/verbumdei.org\/porto\/wp-json\/wp\/v2\/pages"}],"about":[{"href":"https:\/\/verbumdei.org\/porto\/wp-json\/wp\/v2\/types\/page"}],"author":[{"embeddable":true,"href":"https:\/\/verbumdei.org\/porto\/wp-json\/wp\/v2\/users\/7"}],"replies":[{"embeddable":true,"href":"https:\/\/verbumdei.org\/porto\/wp-json\/wp\/v2\/comments?post=358"}],"version-history":[{"count":6,"href":"https:\/\/verbumdei.org\/porto\/wp-json\/wp\/v2\/pages\/358\/revisions"}],"predecessor-version":[{"id":10055,"href":"https:\/\/verbumdei.org\/porto\/wp-json\/wp\/v2\/pages\/358\/revisions\/10055"}],"up":[{"embeddable":true,"href":"https:\/\/verbumdei.org\/porto\/wp-json\/wp\/v2\/pages\/293"}],"wp:attachment":[{"href":"https:\/\/verbumdei.org\/porto\/wp-json\/wp\/v2\/media?parent=358"}],"curies":[{"name":"wp","href":"https:\/\/api.w.org\/{rel}","templated":true}]}}