{"id":293,"date":"2016-12-09T13:54:33","date_gmt":"2016-12-09T13:54:33","guid":{"rendered":"http:\/\/verbumdei.pt\/?page_id=293"},"modified":"2025-11-24T20:09:28","modified_gmt":"2025-11-24T19:09:28","slug":"oracao","status":"publish","type":"page","link":"https:\/\/verbumdei.org\/porto\/oracao\/","title":{"rendered":"Ora\u00e7\u00e3o"},"content":{"rendered":"<h3>Podes unir-te ao grupo de Pistas de Ora\u00e7\u00e3o di\u00e1ria &#8220;<a href=\"https:\/\/chat.whatsapp.com\/Jw6pRwjttPO65p2b5h9XRW\">Pera a\u00ed<\/a>&#8221; por meio do grupo de WhatsApp<\/h3>\n<h3 class=\"font_3\"><span style=\"font-family: 'comic sans ms', sans-serif; color: #d43c18;\"><strong>Pedi, e dar-se-vos-\u00e1; buscai e encontrareis; batei, e abrir-se-vos-\u00e1.\u00a0Porque aquele que pede recebe; e o que busca encontra; e, ao que bate, se abre.<\/strong><\/span><\/h3>\n<p class=\"font_9\" style=\"text-align: right;\">Mateus 7:7-8<\/p>\n<p class=\"font_8\"><span style=\"font-family: 'comic sans ms', sans-serif; color: #000000;\">O que s\u00e3o umas pistas de ora\u00e7\u00e3o?<br \/>\nS\u00e3o orienta\u00e7\u00f5es para a ora\u00e7\u00e3o pessoal e podem ser escritas ou pregadas.<br \/>\nNormalmente, tem uma tem\u00e1tica inspirada nas leituras do dia ou no tempo lit\u00fargico que estamos a viver ou ainda, em temas importantes do nosso carisma e da nossa miss\u00e3o.<br \/>\nO objetivo \u00e9 estimular a pessoa ao encontro com Deus, motor e motivo da nossa f\u00e9 e da nossa alegria de viver e amar.<\/span><\/p>\n<p class=\"font_8\"><span style=\"font-family: 'comic sans ms', sans-serif; color: #000000;\">O encontro di\u00e1rio com Deus \u00e9 a maior fonte de energia e de entusiasmo do ap\u00f3stolo que segue os passos de Jesus e que aceita a miss\u00e3o de O transmitir aos outros.<br \/>\nEsse encontro, dar-nos-\u00e1 luz, para encarar e resolver os problemas que se nos deparam na vida; dar-nos-\u00e1 a capacidade de amar como Jesus nos amou e nos comprometer\u00e1 com a paz, o bem e a bondade de que necessitam os homens desta terra.<\/span><\/p>\n<p class=\"font_8\"><span style=\"font-family: 'comic sans ms', sans-serif; color: #000000;\">As pistas de ora\u00e7\u00e3o s\u00e3o um meio mais, que a Fam\u00edlia Verbum Dei coloca \u00e0 disposi\u00e7\u00e3o de todos os que querem que a Palavra seja a orientadora e a base do seu di\u00e1logo com Jesus. Oramos a palavra que depois iremos entregar aos outros.<\/span><\/p>\n<p class=\"font_8\"><span style=\"font-family: 'comic sans ms', sans-serif; color: #000000;\">Esta p\u00e1gina pretende ser um simples instrumento de ajuda na Ora\u00e7\u00e3o com a Palavra.<\/span><\/p>\n<p class=\"font_8\"><span style=\"font-family: 'comic sans ms', sans-serif; color: #000000;\">Temos quest\u00f5es existenciais \u00e0s quais n\u00e3o podemos deixar de dar resposta:<br \/>\nQuem sou? Para que vivo? Aonde vou? Qual o valor da minha vida?<\/span><\/p>\n<p class=\"font_8\"><span style=\"font-family: 'comic sans ms', sans-serif; color: #000000;\">Deus oferece-nos o suporte afectivo e as respostas que d\u00e3o sentido e orienta\u00e7\u00e3o \u00e0 exist\u00eancia humana e que garantem uma conviv\u00eancia verdadeiramente fraterna, em harmonia com todo o universo.<\/span><\/p>\n<p class=\"font_8\"><span style=\"font-family: 'comic sans ms', sans-serif; color: #000000;\">Rezamos para reconhecermos que somos filhos muito amados e que somos convidados a amar como Ele ama. Como noutros tempos, (Ex. 3) Deus continua atento \u00e0 situa\u00e7\u00e3o do mundo e \u00e0s necessidades de todos os seus filhos.<\/span><\/p>\n<p class=\"font_8\"><span style=\"font-family: 'comic sans ms', sans-serif; color: #000000;\">Por isso, ao encher de felicidade a vida de uns, sonha que ela transborde para a vida dos outros.<\/span><\/p>\n","protected":false},"excerpt":{"rendered":"<p>Podes unir-te ao grupo de Pistas de Ora\u00e7\u00e3o di\u00e1ria &#8220;Pera a\u00ed&#8221; por meio do grupo de WhatsApp Pedi, e dar-se-vos-\u00e1; buscai e encontrareis; batei, e abrir-se-vos-\u00e1.\u00a0Porque aquele que pede recebe;<a href=\"https:\/\/verbumdei.org\/porto\/oracao\/\" rel=\"bookmark\"><span class=\"screen-reader-text\">Ora\u00e7\u00e3o<\/span><\/a><\/p>\n","protected":false},"author":7,"featured_media":0,"parent":0,"menu_order":0,"comment_status":"closed","ping_status":"closed","template":"","meta":{"rop_custom_images_group":[],"rop_custom_messages_group":[],"rop_publish_now":"initial","rop_publish_now_accounts":[],"rop_publish_now_history":[],"rop_publish_now_status":"pending","neve_meta_sidebar":"","neve_meta_container":"","neve_meta_enable_content_width":"off","neve_meta_content_width":100,"neve_meta_title_alignment":"","neve_meta_author_avatar":"","neve_post_elements_order":"","neve_meta_disable_header":"","neve_meta_disable_footer":"","neve_meta_disable_title":"","_themeisle_gutenberg_block_has_review":false,"footnotes":""},"class_list":["post-293","page","type-page","status-publish","hentry"],"yoast_head":"<!-- This site is optimized with the Yoast SEO plugin v27.5 - https:\/\/yoast.com\/product\/yoast-seo-wordpress\/ -->\n<title>Ora\u00e7\u00e3o - Verbum Dei Norte<\/title>\n<meta name=\"robots\" content=\"index, follow, max-snippet:-1, max-image-preview:large, max-video-preview:-1\" \/>\n<link rel=\"canonical\" href=\"https:\/\/verbumdei.org\/porto\/oracao\/\" \/>\n<meta property=\"og:locale\" content=\"pt_PT\" \/>\n<meta property=\"og:type\" content=\"article\" \/>\n<meta property=\"og:title\" content=\"Ora\u00e7\u00e3o - Verbum Dei Norte\" \/>\n<meta property=\"og:description\" content=\"Podes unir-te ao grupo de Pistas de Ora\u00e7\u00e3o di\u00e1ria &#8220;Pera a\u00ed&#8221; por meio do grupo de WhatsApp Pedi, e dar-se-vos-\u00e1; buscai e encontrareis; batei, e abrir-se-vos-\u00e1.\u00a0Porque aquele que pede recebe;Ora\u00e7\u00e3o\" \/>\n<meta property=\"og:url\" content=\"https:\/\/verbumdei.org\/porto\/oracao\/\" \/>\n<meta property=\"og:site_name\" content=\"Verbum Dei Norte\" \/>\n<meta property=\"article:publisher\" content=\"https:\/\/www.facebook.com\/vdportoaveiro\/\" \/>\n<meta property=\"article:modified_time\" content=\"2025-11-24T19:09:28+00:00\" \/>\n<meta name=\"twitter:card\" content=\"summary_large_image\" \/>\n<meta name=\"twitter:label1\" content=\"Tempo estimado de leitura\" \/>\n\t<meta name=\"twitter:data1\" content=\"2 minutos\" \/>\n<script type=\"application\/ld+json\" class=\"yoast-schema-graph\">{\"@context\":\"https:\\\/\\\/schema.org\",\"@graph\":[{\"@type\":\"WebPage\",\"@id\":\"https:\\\/\\\/verbumdei.org\\\/porto\\\/oracao\\\/\",\"url\":\"https:\\\/\\\/verbumdei.org\\\/porto\\\/oracao\\\/\",\"name\":\"Ora\u00e7\u00e3o - Verbum Dei Norte\",\"isPartOf\":{\"@id\":\"https:\\\/\\\/verbumdei.org\\\/porto\\\/#website\"},\"datePublished\":\"2016-12-09T13:54:33+00:00\",\"dateModified\":\"2025-11-24T19:09:28+00:00\",\"breadcrumb\":{\"@id\":\"https:\\\/\\\/verbumdei.org\\\/porto\\\/oracao\\\/#breadcrumb\"},\"inLanguage\":\"pt-PT\",\"potentialAction\":[{\"@type\":\"ReadAction\",\"target\":[\"https:\\\/\\\/verbumdei.org\\\/porto\\\/oracao\\\/\"]}]},{\"@type\":\"BreadcrumbList\",\"@id\":\"https:\\\/\\\/verbumdei.org\\\/porto\\\/oracao\\\/#breadcrumb\",\"itemListElement\":[{\"@type\":\"ListItem\",\"position\":1,\"name\":\"In\u00edcio\",\"item\":\"https:\\\/\\\/verbumdei.org\\\/porto\\\/\"},{\"@type\":\"ListItem\",\"position\":2,\"name\":\"Ora\u00e7\u00e3o\"}]},{\"@type\":\"WebSite\",\"@id\":\"https:\\\/\\\/verbumdei.org\\\/porto\\\/#website\",\"url\":\"https:\\\/\\\/verbumdei.org\\\/porto\\\/\",\"name\":\"Verbum Dei Portugal Norte\",\"description\":\"Mission\u00e1rios Verbum Dei no Porto e Aveiro: ora\u00e7\u00e3o, retiro espiritual, forma\u00e7\u00e3o crist\u00e3 e evangeliza\u00e7\u00e3o\",\"publisher\":{\"@id\":\"https:\\\/\\\/verbumdei.org\\\/porto\\\/#organization\"},\"potentialAction\":[{\"@type\":\"SearchAction\",\"target\":{\"@type\":\"EntryPoint\",\"urlTemplate\":\"https:\\\/\\\/verbumdei.org\\\/porto\\\/?s={search_term_string}\"},\"query-input\":{\"@type\":\"PropertyValueSpecification\",\"valueRequired\":true,\"valueName\":\"search_term_string\"}}],\"inLanguage\":\"pt-PT\"},{\"@type\":\"Organization\",\"@id\":\"https:\\\/\\\/verbumdei.org\\\/porto\\\/#organization\",\"name\":\"Verbum Dei Portugal Norte\",\"url\":\"https:\\\/\\\/verbumdei.org\\\/porto\\\/\",\"logo\":{\"@type\":\"ImageObject\",\"inLanguage\":\"pt-PT\",\"@id\":\"https:\\\/\\\/verbumdei.org\\\/porto\\\/#\\\/schema\\\/logo\\\/image\\\/\",\"url\":\"https:\\\/\\\/verbumdei.org\\\/porto\\\/wp-content\\\/uploads\\\/2018\\\/07\\\/Logo2.jpg\",\"contentUrl\":\"https:\\\/\\\/verbumdei.org\\\/porto\\\/wp-content\\\/uploads\\\/2018\\\/07\\\/Logo2.jpg\",\"width\":123,\"height\":120,\"caption\":\"Verbum Dei Portugal Norte\"},\"image\":{\"@id\":\"https:\\\/\\\/verbumdei.org\\\/porto\\\/#\\\/schema\\\/logo\\\/image\\\/\"},\"sameAs\":[\"https:\\\/\\\/www.facebook.com\\\/vdportoaveiro\\\/\",\"https:\\\/\\\/instagram.com\\\/verbumdei.portugal.norte\\\/\"]}]}<\/script>\n<!-- \/ Yoast SEO plugin. -->","yoast_head_json":{"title":"Ora\u00e7\u00e3o - Verbum Dei Norte","robots":{"index":"index","follow":"follow","max-snippet":"max-snippet:-1","max-image-preview":"max-image-preview:large","max-video-preview":"max-video-preview:-1"},"canonical":"https:\/\/verbumdei.org\/porto\/oracao\/","og_locale":"pt_PT","og_type":"article","og_title":"Ora\u00e7\u00e3o - Verbum Dei Norte","og_description":"Podes unir-te ao grupo de Pistas de Ora\u00e7\u00e3o di\u00e1ria &#8220;Pera a\u00ed&#8221; por meio do grupo de WhatsApp Pedi, e dar-se-vos-\u00e1; buscai e encontrareis; batei, e abrir-se-vos-\u00e1.\u00a0Porque aquele que pede recebe;Ora\u00e7\u00e3o","og_url":"https:\/\/verbumdei.org\/porto\/oracao\/","og_site_name":"Verbum Dei Norte","article_publisher":"https:\/\/www.facebook.com\/vdportoaveiro\/","article_modified_time":"2025-11-24T19:09:28+00:00","twitter_card":"summary_large_image","twitter_misc":{"Tempo estimado de leitura":"2 minutos"},"schema":{"@context":"https:\/\/schema.org","@graph":[{"@type":"WebPage","@id":"https:\/\/verbumdei.org\/porto\/oracao\/","url":"https:\/\/verbumdei.org\/porto\/oracao\/","name":"Ora\u00e7\u00e3o - Verbum Dei Norte","isPartOf":{"@id":"https:\/\/verbumdei.org\/porto\/#website"},"datePublished":"2016-12-09T13:54:33+00:00","dateModified":"2025-11-24T19:09:28+00:00","breadcrumb":{"@id":"https:\/\/verbumdei.org\/porto\/oracao\/#breadcrumb"},"inLanguage":"pt-PT","potentialAction":[{"@type":"ReadAction","target":["https:\/\/verbumdei.org\/porto\/oracao\/"]}]},{"@type":"BreadcrumbList","@id":"https:\/\/verbumdei.org\/porto\/oracao\/#breadcrumb","itemListElement":[{"@type":"ListItem","position":1,"name":"In\u00edcio","item":"https:\/\/verbumdei.org\/porto\/"},{"@type":"ListItem","position":2,"name":"Ora\u00e7\u00e3o"}]},{"@type":"WebSite","@id":"https:\/\/verbumdei.org\/porto\/#website","url":"https:\/\/verbumdei.org\/porto\/","name":"Verbum Dei Portugal Norte","description":"Mission\u00e1rios Verbum Dei no Porto e Aveiro: ora\u00e7\u00e3o, retiro espiritual, forma\u00e7\u00e3o crist\u00e3 e evangeliza\u00e7\u00e3o","publisher":{"@id":"https:\/\/verbumdei.org\/porto\/#organization"},"potentialAction":[{"@type":"SearchAction","target":{"@type":"EntryPoint","urlTemplate":"https:\/\/verbumdei.org\/porto\/?s={search_term_string}"},"query-input":{"@type":"PropertyValueSpecification","valueRequired":true,"valueName":"search_term_string"}}],"inLanguage":"pt-PT"},{"@type":"Organization","@id":"https:\/\/verbumdei.org\/porto\/#organization","name":"Verbum Dei Portugal Norte","url":"https:\/\/verbumdei.org\/porto\/","logo":{"@type":"ImageObject","inLanguage":"pt-PT","@id":"https:\/\/verbumdei.org\/porto\/#\/schema\/logo\/image\/","url":"https:\/\/verbumdei.org\/porto\/wp-content\/uploads\/2018\/07\/Logo2.jpg","contentUrl":"https:\/\/verbumdei.org\/porto\/wp-content\/uploads\/2018\/07\/Logo2.jpg","width":123,"height":120,"caption":"Verbum Dei Portugal Norte"},"image":{"@id":"https:\/\/verbumdei.org\/porto\/#\/schema\/logo\/image\/"},"sameAs":["https:\/\/www.facebook.com\/vdportoaveiro\/","https:\/\/instagram.com\/verbumdei.portugal.norte\/"]}]}},"jetpack_sharing_enabled":true,"_links":{"self":[{"href":"https:\/\/verbumdei.org\/porto\/wp-json\/wp\/v2\/pages\/293","targetHints":{"allow":["GET"]}}],"collection":[{"href":"https:\/\/verbumdei.org\/porto\/wp-json\/wp\/v2\/pages"}],"about":[{"href":"https:\/\/verbumdei.org\/porto\/wp-json\/wp\/v2\/types\/page"}],"author":[{"embeddable":true,"href":"https:\/\/verbumdei.org\/porto\/wp-json\/wp\/v2\/users\/7"}],"replies":[{"embeddable":true,"href":"https:\/\/verbumdei.org\/porto\/wp-json\/wp\/v2\/comments?post=293"}],"version-history":[{"count":6,"href":"https:\/\/verbumdei.org\/porto\/wp-json\/wp\/v2\/pages\/293\/revisions"}],"predecessor-version":[{"id":10054,"href":"https:\/\/verbumdei.org\/porto\/wp-json\/wp\/v2\/pages\/293\/revisions\/10054"}],"wp:attachment":[{"href":"https:\/\/verbumdei.org\/porto\/wp-json\/wp\/v2\/media?parent=293"}],"curies":[{"name":"wp","href":"https:\/\/api.w.org\/{rel}","templated":true}]}}

Oração

<h3>Podes unir-te ao grupo de Pistas de Oração diária &#8220;<a href="https://chat.whatsapp.com/Jw6pRwjttPO65p2b5h9XRW">Pera aí</a>&#8221; por meio do grupo de WhatsApp</h3>
<h3 class="font_3"><span style="font-family: 'comic sans ms', sans-serif; color: #d43c18;"><strong>Pedi, e dar-se-vos-á; buscai e encontrareis; batei, e abrir-se-vos-á. Porque aquele que pede recebe; e o que busca encontra; e, ao que bate, se abre.</strong></span></h3>
<p class="font_9" style="text-align: right;">Mateus 7:7-8</p>
<p class="font_8"><span style="font-family: 'comic sans ms', sans-serif; color: #000000;">O que são umas pistas de oração?<br />
São orientações para a oração pessoal e podem ser escritas ou pregadas.<br />
Normalmente, tem uma temática inspirada nas leituras do dia ou no tempo litúrgico que estamos a viver ou ainda, em temas importantes do nosso carisma e da nossa missão.<br />
O objetivo é estimular a pessoa ao encontro com Deus, motor e motivo da nossa fé e da nossa alegria de viver e amar.</span></p>
<p class="font_8"><span style="font-family: 'comic sans ms', sans-serif; color: #000000;">O encontro diário com Deus é a maior fonte de energia e de entusiasmo do apóstolo que segue os passos de Jesus e que aceita a missão de O transmitir aos outros.<br />
Esse encontro, dar-nos-á luz, para encarar e resolver os problemas que se nos deparam na vida; dar-nos-á a capacidade de amar como Jesus nos amou e nos comprometerá com a paz, o bem e a bondade de que necessitam os homens desta terra.</span></p>
<p class="font_8"><span style="font-family: 'comic sans ms', sans-serif; color: #000000;">As pistas de oração são um meio mais, que a Família Verbum Dei coloca à disposição de todos os que querem que a Palavra seja a orientadora e a base do seu diálogo com Jesus. Oramos a palavra que depois iremos entregar aos outros.</span></p>
<p class="font_8"><span style="font-family: 'comic sans ms', sans-serif; color: #000000;">Esta página pretende ser um simples instrumento de ajuda na Oração com a Palavra.</span></p>
<p class="font_8"><span style="font-family: 'comic sans ms', sans-serif; color: #000000;">Temos questões existenciais às quais não podemos deixar de dar resposta:<br />
Quem sou? Para que vivo? Aonde vou? Qual o valor da minha vida?</span></p>
<p class="font_8"><span style="font-family: 'comic sans ms', sans-serif; color: #000000;">Deus oferece-nos o suporte afectivo e as respostas que dão sentido e orientação à existência humana e que garantem uma convivência verdadeiramente fraterna, em harmonia com todo o universo.</span></p>
<p class="font_8"><span style="font-family: 'comic sans ms', sans-serif; color: #000000;">Rezamos para reconhecermos que somos filhos muito amados e que somos convidados a amar como Ele ama. Como noutros tempos, (Ex. 3) Deus continua atento à situação do mundo e às necessidades de todos os seus filhos.</span></p>
<p class="font_8"><span style="font-family: 'comic sans ms', sans-serif; color: #000000;">Por isso, ao encher de felicidade a vida de uns, sonha que ela transborde para a vida dos outros.</span></p>

<p>Podes unir-te ao grupo de Pistas de Oração diária &#8220;Pera aí&#8221; por meio do grupo de WhatsApp Pedi, e dar-se-vos-á; buscai e encontrareis; batei, e abrir-se-vos-á. Porque aquele que pede recebe;<a href="https://verbumdei.org/porto/oracao/" rel="bookmark"><span class="screen-reader-text">Oração</span></a></p>

<!-- This site is optimized with the Yoast SEO plugin v27.5 - https://yoast.com/product/yoast-seo-wordpress/ -->
<title>Oração - Verbum Dei Norte</title>
<meta name="robots" content="index, follow, max-snippet:-1, max-image-preview:large, max-video-preview:-1" />
<link rel="canonical" href="https://verbumdei.org/porto/oracao/" />
<meta property="og:locale" content="pt_PT" />
<meta property="og:type" content="article" />
<meta property="og:title" content="Oração - Verbum Dei Norte" />
<meta property="og:description" content="Podes unir-te ao grupo de Pistas de Oração diária &#8220;Pera aí&#8221; por meio do grupo de WhatsApp Pedi, e dar-se-vos-á; buscai e encontrareis; batei, e abrir-se-vos-á. Porque aquele que pede recebe;Oração" />
<meta property="og:url" content="https://verbumdei.org/porto/oracao/" />
<meta property="og:site_name" content="Verbum Dei Norte" />
<meta property="article:publisher" content="https://www.facebook.com/vdportoaveiro/" />
<meta property="article:modified_time" content="2025-11-24T19:09:28+00:00" />
<meta name="twitter:card" content="summary_large_image" />
<meta name="twitter:label1" content="Tempo estimado de leitura" />
	<meta name="twitter:data1" content="2 minutos" />
<script type="application/ld+json" class="yoast-schema-graph">{"@context":"https:\/\/schema.org","@graph":[{"@type":"WebPage","@id":"https:\/\/verbumdei.org\/porto\/oracao\/","url":"https:\/\/verbumdei.org\/porto\/oracao\/","name":"Oração - Verbum Dei Norte","isPartOf":{"@id":"https:\/\/verbumdei.org\/porto\/#website"},"datePublished":"2016-12-09T13:54:33+00:00","dateModified":"2025-11-24T19:09:28+00:00","breadcrumb":{"@id":"https:\/\/verbumdei.org\/porto\/oracao\/#breadcrumb"},"inLanguage":"pt-PT","potentialAction":[{"@type":"ReadAction","target":["https:\/\/verbumdei.org\/porto\/oracao\/"]}]},{"@type":"BreadcrumbList","@id":"https:\/\/verbumdei.org\/porto\/oracao\/#breadcrumb","itemListElement":[{"@type":"ListItem","position":1,"name":"Início","item":"https:\/\/verbumdei.org\/porto\/"},{"@type":"ListItem","position":2,"name":"Oração"}]},{"@type":"WebSite","@id":"https:\/\/verbumdei.org\/porto\/#website","url":"https:\/\/verbumdei.org\/porto\/","name":"Verbum Dei Portugal Norte","description":"Missionários Verbum Dei no Porto e Aveiro: oração, retiro espiritual, formação cristã e evangelização","publisher":{"@id":"https:\/\/verbumdei.org\/porto\/#organization"},"potentialAction":[{"@type":"SearchAction","target":{"@type":"EntryPoint","urlTemplate":"https:\/\/verbumdei.org\/porto\/?s={search_term_string}"},"query-input":{"@type":"PropertyValueSpecification","valueRequired":true,"valueName":"search_term_string"}}],"inLanguage":"pt-PT"},{"@type":"Organization","@id":"https:\/\/verbumdei.org\/porto\/#organization","name":"Verbum Dei Portugal Norte","url":"https:\/\/verbumdei.org\/porto\/","logo":{"@type":"ImageObject","inLanguage":"pt-PT","@id":"https:\/\/verbumdei.org\/porto\/#\/schema\/logo\/image\/","url":"https:\/\/verbumdei.org\/porto\/wp-content\/uploads\/2018\/07\/Logo2.jpg","contentUrl":"https:\/\/verbumdei.org\/porto\/wp-content\/uploads\/2018\/07\/Logo2.jpg","width":123,"height":120,"caption":"Verbum Dei Portugal Norte"},"image":{"@id":"https:\/\/verbumdei.org\/porto\/#\/schema\/logo\/image\/"},"sameAs":["https:\/\/www.facebook.com\/vdportoaveiro\/","https:\/\/instagram.com\/verbumdei.portugal.norte\/"]}]}</script>
<!-- / Yoast SEO plugin. -->

Oração - Verbum Dei Norte

Podes unir-te ao grupo de Pistas de Oração diária &#8220;Pera aí&#8221; por meio do grupo de WhatsApp Pedi, e dar-se-vos-á; buscai e encontrareis; batei, e abrir-se-vos-á. Porque aquele que pede recebe;Oração

Início

Missionários Verbum Dei no Porto e Aveiro: oração, retiro espiritual, formação cristã e evangelização
