{"id":281,"date":"2016-12-09T12:21:09","date_gmt":"2016-12-09T12:21:09","guid":{"rendered":"http:\/\/verbumdei.pt\/?page_id=281"},"modified":"2025-11-13T18:37:16","modified_gmt":"2025-11-13T17:37:16","slug":"casais","status":"publish","type":"page","link":"https:\/\/verbumdei.org\/porto\/grupos\/casais\/","title":{"rendered":"Fam\u00edlias Verbum Dei: Casais e namorados"},"content":{"rendered":"<p class=\"font_7\" align=\"justify\"><span style=\"font-family: 'comic sans ms', sans-serif; color: #000000;\">A Fam\u00edlia\u00a0Verbum Dei ajuda\u00a0os namorados e os casais na descoberta da identidade de filhos amados por Deus, da voca\u00e7\u00e3o profissional, da voca\u00e7\u00e3o do matrim\u00f3nio e\u00a0na descoberta da maternidade e paternidade.<\/span><\/p>\n<p class=\"font_7\" align=\"justify\"><span style=\"font-family: 'comic sans ms', sans-serif; color: #000000;\">\u00c9 um grande privil\u00e9gio poder, a partir de um ambiente de comunidade familiar, de um ambiente de partilha e de discernimento, assente na ora\u00e7\u00e3o e no an\u00fancio da Palavra, crescer como pessoas. \u00c9\u00a0tamb\u00e9m neste ambiente que os que formam parte deste grupo,\u00a0descobrem\u00a0e\u00a0v\u00e3o se\u00a0sentido acompanhados na sua caminhada de casal.<\/span><\/p>\n<p class=\"font_7\" align=\"justify\"><span style=\"font-family: 'comic sans ms', sans-serif; color: #000000;\">O tesouro que sentem\u00a0que t\u00eam\u00a0e que lhes foi transmitido, est\u00e1 na rela\u00e7\u00e3o e\u00a0no encontro directo com Deus. Foi nesta comunidade que O descobriram.<\/span><\/p>\n<p class=\"font_7\" align=\"justify\"><span style=\"font-family: 'comic sans ms', sans-serif; color: #000000;\">A rela\u00e7\u00e3o com um Deus pr\u00f3ximo, amoroso e real (porque vive connosco a realidade quotidiana), alimenta o\u00a0amor de esposos, de companheiros e de pais, traz esperan\u00e7a \u00e0\u00a0vida de fam\u00edlia e os tem\u00a0feito compreender que s\u00e3o\u00a0parte de uma fam\u00edlia muito maior (a comunidade, o mundo&#8230;) e por isso tamb\u00e9m procuram\u00a0que a sua\u00a0FAM\u00cdLIA n\u00e3o seja apenas o pequeno n\u00facleo familiar dos pais e filhos.<\/span><\/p>\n<p class=\"font_7\" align=\"justify\"><span style=\"font-family: 'comic sans ms', sans-serif; color: #000000;\">Procuram\u00a0alimentar o seu amor no amor do PAI atrav\u00e9s da ora\u00e7\u00e3o e procuram\u00a0tamb\u00e9m que outros partilhem e desfrutem deste mesmo amor encontrando-se com Deus e que por sua vez o fa\u00e7am com outros que conhecem.<\/span><\/p>\n<p class=\"font_7\" align=\"justify\"><span style=\"font-family: 'comic sans ms', sans-serif; color: #000000;\">A maior alegria n\u00e3o est\u00e1 em apenas receber nem simplesmente dar, mas sim no facto de, tal como outros fizeram connosco, tamb\u00e9m n\u00f3s vermos que aqueles a quem ajudamos procuram ajudar outros para que todos possamos saborear este amor a que estamos chamados.<\/span><\/p>\n<p class=\"font_7\" align=\"justify\"><span style=\"font-family: 'comic sans ms', sans-serif; color: #000000;\">Este carisma tem tamb\u00e9m uma marca muito forte na forma como procuramos desempenhar as nossas profiss\u00f5es. A forma como nos preocupamos com as pessoas, a forma como temos esperan\u00e7a nelas vem-nos na maioria das vezes da ora\u00e7\u00e3o que fazemos por elas e do que essa mesma ora\u00e7\u00e3o transforma o nosso cora\u00e7\u00e3o.<\/span><\/p>\n","protected":false},"excerpt":{"rendered":"<p>A Fam\u00edlia\u00a0Verbum Dei ajuda\u00a0os namorados e os casais na descoberta da identidade de filhos amados por Deus, da voca\u00e7\u00e3o profissional, da voca\u00e7\u00e3o do matrim\u00f3nio e\u00a0na descoberta da maternidade e paternidade.<a href=\"https:\/\/verbumdei.org\/porto\/grupos\/casais\/\" rel=\"bookmark\"><span class=\"screen-reader-text\">Fam\u00edlias Verbum Dei: Casais e namorados<\/span><\/a><\/p>\n","protected":false},"author":7,"featured_media":0,"parent":268,"menu_order":0,"comment_status":"closed","ping_status":"closed","template":"","meta":{"rop_custom_images_group":[],"rop_custom_messages_group":[],"rop_publish_now":"initial","rop_publish_now_accounts":[],"rop_publish_now_history":[],"rop_publish_now_status":"pending","neve_meta_sidebar":"","neve_meta_container":"","neve_meta_enable_content_width":"off","neve_meta_content_width":100,"neve_meta_title_alignment":"","neve_meta_author_avatar":"","neve_post_elements_order":"","neve_meta_disable_header":"","neve_meta_disable_footer":"","neve_meta_disable_title":"","_themeisle_gutenberg_block_has_review":false,"footnotes":""},"class_list":["post-281","page","type-page","status-publish","hentry"],"yoast_head":"<!-- This site is optimized with the Yoast SEO plugin v27.5 - https:\/\/yoast.com\/product\/yoast-seo-wordpress\/ -->\n<title>Fam\u00edlias Verbum Dei: Casais e namorados - Verbum Dei Norte<\/title>\n<meta name=\"robots\" content=\"index, follow, max-snippet:-1, max-image-preview:large, max-video-preview:-1\" \/>\n<link rel=\"canonical\" href=\"https:\/\/verbumdei.org\/porto\/grupos\/casais\/\" \/>\n<meta property=\"og:locale\" content=\"pt_PT\" \/>\n<meta property=\"og:type\" content=\"article\" \/>\n<meta property=\"og:title\" content=\"Fam\u00edlias Verbum Dei: Casais e namorados - Verbum Dei Norte\" \/>\n<meta property=\"og:description\" content=\"A Fam\u00edlia\u00a0Verbum Dei ajuda\u00a0os namorados e os casais na descoberta da identidade de filhos amados por Deus, da voca\u00e7\u00e3o profissional, da voca\u00e7\u00e3o do matrim\u00f3nio e\u00a0na descoberta da maternidade e paternidade.Fam\u00edlias Verbum Dei: Casais e namorados\" \/>\n<meta property=\"og:url\" content=\"https:\/\/verbumdei.org\/porto\/grupos\/casais\/\" \/>\n<meta property=\"og:site_name\" content=\"Verbum Dei Norte\" \/>\n<meta property=\"article:publisher\" content=\"https:\/\/www.facebook.com\/vdportoaveiro\/\" \/>\n<meta property=\"article:modified_time\" content=\"2025-11-13T17:37:16+00:00\" \/>\n<meta name=\"twitter:card\" content=\"summary_large_image\" \/>\n<meta name=\"twitter:label1\" content=\"Tempo estimado de leitura\" \/>\n\t<meta name=\"twitter:data1\" content=\"2 minutos\" \/>\n<script type=\"application\/ld+json\" class=\"yoast-schema-graph\">{\"@context\":\"https:\\\/\\\/schema.org\",\"@graph\":[{\"@type\":\"WebPage\",\"@id\":\"https:\\\/\\\/verbumdei.org\\\/porto\\\/grupos\\\/casais\\\/\",\"url\":\"https:\\\/\\\/verbumdei.org\\\/porto\\\/grupos\\\/casais\\\/\",\"name\":\"Fam\u00edlias Verbum Dei: Casais e namorados - Verbum Dei Norte\",\"isPartOf\":{\"@id\":\"https:\\\/\\\/verbumdei.org\\\/porto\\\/#website\"},\"datePublished\":\"2016-12-09T12:21:09+00:00\",\"dateModified\":\"2025-11-13T17:37:16+00:00\",\"breadcrumb\":{\"@id\":\"https:\\\/\\\/verbumdei.org\\\/porto\\\/grupos\\\/casais\\\/#breadcrumb\"},\"inLanguage\":\"pt-PT\",\"potentialAction\":[{\"@type\":\"ReadAction\",\"target\":[\"https:\\\/\\\/verbumdei.org\\\/porto\\\/grupos\\\/casais\\\/\"]}]},{\"@type\":\"BreadcrumbList\",\"@id\":\"https:\\\/\\\/verbumdei.org\\\/porto\\\/grupos\\\/casais\\\/#breadcrumb\",\"itemListElement\":[{\"@type\":\"ListItem\",\"position\":1,\"name\":\"In\u00edcio\",\"item\":\"https:\\\/\\\/verbumdei.org\\\/porto\\\/\"},{\"@type\":\"ListItem\",\"position\":2,\"name\":\"Grupos\",\"item\":\"https:\\\/\\\/verbumdei.org\\\/porto\\\/grupos\\\/\"},{\"@type\":\"ListItem\",\"position\":3,\"name\":\"Fam\u00edlias Verbum Dei: Casais e namorados\"}]},{\"@type\":\"WebSite\",\"@id\":\"https:\\\/\\\/verbumdei.org\\\/porto\\\/#website\",\"url\":\"https:\\\/\\\/verbumdei.org\\\/porto\\\/\",\"name\":\"Verbum Dei Portugal Norte\",\"description\":\"Mission\u00e1rios Verbum Dei no Porto e Aveiro: ora\u00e7\u00e3o, retiro espiritual, forma\u00e7\u00e3o crist\u00e3 e evangeliza\u00e7\u00e3o\",\"publisher\":{\"@id\":\"https:\\\/\\\/verbumdei.org\\\/porto\\\/#organization\"},\"potentialAction\":[{\"@type\":\"SearchAction\",\"target\":{\"@type\":\"EntryPoint\",\"urlTemplate\":\"https:\\\/\\\/verbumdei.org\\\/porto\\\/?s={search_term_string}\"},\"query-input\":{\"@type\":\"PropertyValueSpecification\",\"valueRequired\":true,\"valueName\":\"search_term_string\"}}],\"inLanguage\":\"pt-PT\"},{\"@type\":\"Organization\",\"@id\":\"https:\\\/\\\/verbumdei.org\\\/porto\\\/#organization\",\"name\":\"Verbum Dei Portugal Norte\",\"url\":\"https:\\\/\\\/verbumdei.org\\\/porto\\\/\",\"logo\":{\"@type\":\"ImageObject\",\"inLanguage\":\"pt-PT\",\"@id\":\"https:\\\/\\\/verbumdei.org\\\/porto\\\/#\\\/schema\\\/logo\\\/image\\\/\",\"url\":\"https:\\\/\\\/verbumdei.org\\\/porto\\\/wp-content\\\/uploads\\\/2018\\\/07\\\/Logo2.jpg\",\"contentUrl\":\"https:\\\/\\\/verbumdei.org\\\/porto\\\/wp-content\\\/uploads\\\/2018\\\/07\\\/Logo2.jpg\",\"width\":123,\"height\":120,\"caption\":\"Verbum Dei Portugal Norte\"},\"image\":{\"@id\":\"https:\\\/\\\/verbumdei.org\\\/porto\\\/#\\\/schema\\\/logo\\\/image\\\/\"},\"sameAs\":[\"https:\\\/\\\/www.facebook.com\\\/vdportoaveiro\\\/\",\"https:\\\/\\\/instagram.com\\\/verbumdei.portugal.norte\\\/\"]}]}<\/script>\n<!-- \/ Yoast SEO plugin. -->","yoast_head_json":{"title":"Fam\u00edlias Verbum Dei: Casais e namorados - Verbum Dei Norte","robots":{"index":"index","follow":"follow","max-snippet":"max-snippet:-1","max-image-preview":"max-image-preview:large","max-video-preview":"max-video-preview:-1"},"canonical":"https:\/\/verbumdei.org\/porto\/grupos\/casais\/","og_locale":"pt_PT","og_type":"article","og_title":"Fam\u00edlias Verbum Dei: Casais e namorados - Verbum Dei Norte","og_description":"A Fam\u00edlia\u00a0Verbum Dei ajuda\u00a0os namorados e os casais na descoberta da identidade de filhos amados por Deus, da voca\u00e7\u00e3o profissional, da voca\u00e7\u00e3o do matrim\u00f3nio e\u00a0na descoberta da maternidade e paternidade.Fam\u00edlias Verbum Dei: Casais e namorados","og_url":"https:\/\/verbumdei.org\/porto\/grupos\/casais\/","og_site_name":"Verbum Dei Norte","article_publisher":"https:\/\/www.facebook.com\/vdportoaveiro\/","article_modified_time":"2025-11-13T17:37:16+00:00","twitter_card":"summary_large_image","twitter_misc":{"Tempo estimado de leitura":"2 minutos"},"schema":{"@context":"https:\/\/schema.org","@graph":[{"@type":"WebPage","@id":"https:\/\/verbumdei.org\/porto\/grupos\/casais\/","url":"https:\/\/verbumdei.org\/porto\/grupos\/casais\/","name":"Fam\u00edlias Verbum Dei: Casais e namorados - Verbum Dei Norte","isPartOf":{"@id":"https:\/\/verbumdei.org\/porto\/#website"},"datePublished":"2016-12-09T12:21:09+00:00","dateModified":"2025-11-13T17:37:16+00:00","breadcrumb":{"@id":"https:\/\/verbumdei.org\/porto\/grupos\/casais\/#breadcrumb"},"inLanguage":"pt-PT","potentialAction":[{"@type":"ReadAction","target":["https:\/\/verbumdei.org\/porto\/grupos\/casais\/"]}]},{"@type":"BreadcrumbList","@id":"https:\/\/verbumdei.org\/porto\/grupos\/casais\/#breadcrumb","itemListElement":[{"@type":"ListItem","position":1,"name":"In\u00edcio","item":"https:\/\/verbumdei.org\/porto\/"},{"@type":"ListItem","position":2,"name":"Grupos","item":"https:\/\/verbumdei.org\/porto\/grupos\/"},{"@type":"ListItem","position":3,"name":"Fam\u00edlias Verbum Dei: Casais e namorados"}]},{"@type":"WebSite","@id":"https:\/\/verbumdei.org\/porto\/#website","url":"https:\/\/verbumdei.org\/porto\/","name":"Verbum Dei Portugal Norte","description":"Mission\u00e1rios Verbum Dei no Porto e Aveiro: ora\u00e7\u00e3o, retiro espiritual, forma\u00e7\u00e3o crist\u00e3 e evangeliza\u00e7\u00e3o","publisher":{"@id":"https:\/\/verbumdei.org\/porto\/#organization"},"potentialAction":[{"@type":"SearchAction","target":{"@type":"EntryPoint","urlTemplate":"https:\/\/verbumdei.org\/porto\/?s={search_term_string}"},"query-input":{"@type":"PropertyValueSpecification","valueRequired":true,"valueName":"search_term_string"}}],"inLanguage":"pt-PT"},{"@type":"Organization","@id":"https:\/\/verbumdei.org\/porto\/#organization","name":"Verbum Dei Portugal Norte","url":"https:\/\/verbumdei.org\/porto\/","logo":{"@type":"ImageObject","inLanguage":"pt-PT","@id":"https:\/\/verbumdei.org\/porto\/#\/schema\/logo\/image\/","url":"https:\/\/verbumdei.org\/porto\/wp-content\/uploads\/2018\/07\/Logo2.jpg","contentUrl":"https:\/\/verbumdei.org\/porto\/wp-content\/uploads\/2018\/07\/Logo2.jpg","width":123,"height":120,"caption":"Verbum Dei Portugal Norte"},"image":{"@id":"https:\/\/verbumdei.org\/porto\/#\/schema\/logo\/image\/"},"sameAs":["https:\/\/www.facebook.com\/vdportoaveiro\/","https:\/\/instagram.com\/verbumdei.portugal.norte\/"]}]}},"jetpack_sharing_enabled":true,"_links":{"self":[{"href":"https:\/\/verbumdei.org\/porto\/wp-json\/wp\/v2\/pages\/281","targetHints":{"allow":["GET"]}}],"collection":[{"href":"https:\/\/verbumdei.org\/porto\/wp-json\/wp\/v2\/pages"}],"about":[{"href":"https:\/\/verbumdei.org\/porto\/wp-json\/wp\/v2\/types\/page"}],"author":[{"embeddable":true,"href":"https:\/\/verbumdei.org\/porto\/wp-json\/wp\/v2\/users\/7"}],"replies":[{"embeddable":true,"href":"https:\/\/verbumdei.org\/porto\/wp-json\/wp\/v2\/comments?post=281"}],"version-history":[{"count":6,"href":"https:\/\/verbumdei.org\/porto\/wp-json\/wp\/v2\/pages\/281\/revisions"}],"predecessor-version":[{"id":9995,"href":"https:\/\/verbumdei.org\/porto\/wp-json\/wp\/v2\/pages\/281\/revisions\/9995"}],"up":[{"embeddable":true,"href":"https:\/\/verbumdei.org\/porto\/wp-json\/wp\/v2\/pages\/268"}],"wp:attachment":[{"href":"https:\/\/verbumdei.org\/porto\/wp-json\/wp\/v2\/media?parent=281"}],"curies":[{"name":"wp","href":"https:\/\/api.w.org\/{rel}","templated":true}]}}

Famílias Verbum Dei: Casais e namorados

<p class="font_7" align="justify"><span style="font-family: 'comic sans ms', sans-serif; color: #000000;">A Família Verbum Dei ajuda os namorados e os casais na descoberta da identidade de filhos amados por Deus, da vocação profissional, da vocação do matrimónio e na descoberta da maternidade e paternidade.</span></p>
<p class="font_7" align="justify"><span style="font-family: 'comic sans ms', sans-serif; color: #000000;">É um grande privilégio poder, a partir de um ambiente de comunidade familiar, de um ambiente de partilha e de discernimento, assente na oração e no anúncio da Palavra, crescer como pessoas. É também neste ambiente que os que formam parte deste grupo, descobrem e vão se sentido acompanhados na sua caminhada de casal.</span></p>
<p class="font_7" align="justify"><span style="font-family: 'comic sans ms', sans-serif; color: #000000;">O tesouro que sentem que têm e que lhes foi transmitido, está na relação e no encontro directo com Deus. Foi nesta comunidade que O descobriram.</span></p>
<p class="font_7" align="justify"><span style="font-family: 'comic sans ms', sans-serif; color: #000000;">A relação com um Deus próximo, amoroso e real (porque vive connosco a realidade quotidiana), alimenta o amor de esposos, de companheiros e de pais, traz esperança à vida de família e os tem feito compreender que são parte de uma família muito maior (a comunidade, o mundo&#8230;) e por isso também procuram que a sua FAMÍLIA não seja apenas o pequeno núcleo familiar dos pais e filhos.</span></p>
<p class="font_7" align="justify"><span style="font-family: 'comic sans ms', sans-serif; color: #000000;">Procuram alimentar o seu amor no amor do PAI através da oração e procuram também que outros partilhem e desfrutem deste mesmo amor encontrando-se com Deus e que por sua vez o façam com outros que conhecem.</span></p>
<p class="font_7" align="justify"><span style="font-family: 'comic sans ms', sans-serif; color: #000000;">A maior alegria não está em apenas receber nem simplesmente dar, mas sim no facto de, tal como outros fizeram connosco, também nós vermos que aqueles a quem ajudamos procuram ajudar outros para que todos possamos saborear este amor a que estamos chamados.</span></p>
<p class="font_7" align="justify"><span style="font-family: 'comic sans ms', sans-serif; color: #000000;">Este carisma tem também uma marca muito forte na forma como procuramos desempenhar as nossas profissões. A forma como nos preocupamos com as pessoas, a forma como temos esperança nelas vem-nos na maioria das vezes da oração que fazemos por elas e do que essa mesma oração transforma o nosso coração.</span></p>

<p>A Família Verbum Dei ajuda os namorados e os casais na descoberta da identidade de filhos amados por Deus, da vocação profissional, da vocação do matrimónio e na descoberta da maternidade e paternidade.<a href="https://verbumdei.org/porto/grupos/casais/" rel="bookmark"><span class="screen-reader-text">Famílias Verbum Dei: Casais e namorados</span></a></p>

<!-- This site is optimized with the Yoast SEO plugin v27.5 - https://yoast.com/product/yoast-seo-wordpress/ -->
<title>Famílias Verbum Dei: Casais e namorados - Verbum Dei Norte</title>
<meta name="robots" content="index, follow, max-snippet:-1, max-image-preview:large, max-video-preview:-1" />
<link rel="canonical" href="https://verbumdei.org/porto/grupos/casais/" />
<meta property="og:locale" content="pt_PT" />
<meta property="og:type" content="article" />
<meta property="og:title" content="Famílias Verbum Dei: Casais e namorados - Verbum Dei Norte" />
<meta property="og:description" content="A Família Verbum Dei ajuda os namorados e os casais na descoberta da identidade de filhos amados por Deus, da vocação profissional, da vocação do matrimónio e na descoberta da maternidade e paternidade.Famílias Verbum Dei: Casais e namorados" />
<meta property="og:url" content="https://verbumdei.org/porto/grupos/casais/" />
<meta property="og:site_name" content="Verbum Dei Norte" />
<meta property="article:publisher" content="https://www.facebook.com/vdportoaveiro/" />
<meta property="article:modified_time" content="2025-11-13T17:37:16+00:00" />
<meta name="twitter:card" content="summary_large_image" />
<meta name="twitter:label1" content="Tempo estimado de leitura" />
	<meta name="twitter:data1" content="2 minutos" />
<script type="application/ld+json" class="yoast-schema-graph">{"@context":"https:\/\/schema.org","@graph":[{"@type":"WebPage","@id":"https:\/\/verbumdei.org\/porto\/grupos\/casais\/","url":"https:\/\/verbumdei.org\/porto\/grupos\/casais\/","name":"Famílias Verbum Dei: Casais e namorados - Verbum Dei Norte","isPartOf":{"@id":"https:\/\/verbumdei.org\/porto\/#website"},"datePublished":"2016-12-09T12:21:09+00:00","dateModified":"2025-11-13T17:37:16+00:00","breadcrumb":{"@id":"https:\/\/verbumdei.org\/porto\/grupos\/casais\/#breadcrumb"},"inLanguage":"pt-PT","potentialAction":[{"@type":"ReadAction","target":["https:\/\/verbumdei.org\/porto\/grupos\/casais\/"]}]},{"@type":"BreadcrumbList","@id":"https:\/\/verbumdei.org\/porto\/grupos\/casais\/#breadcrumb","itemListElement":[{"@type":"ListItem","position":1,"name":"Início","item":"https:\/\/verbumdei.org\/porto\/"},{"@type":"ListItem","position":2,"name":"Grupos","item":"https:\/\/verbumdei.org\/porto\/grupos\/"},{"@type":"ListItem","position":3,"name":"Famílias Verbum Dei: Casais e namorados"}]},{"@type":"WebSite","@id":"https:\/\/verbumdei.org\/porto\/#website","url":"https:\/\/verbumdei.org\/porto\/","name":"Verbum Dei Portugal Norte","description":"Missionários Verbum Dei no Porto e Aveiro: oração, retiro espiritual, formação cristã e evangelização","publisher":{"@id":"https:\/\/verbumdei.org\/porto\/#organization"},"potentialAction":[{"@type":"SearchAction","target":{"@type":"EntryPoint","urlTemplate":"https:\/\/verbumdei.org\/porto\/?s={search_term_string}"},"query-input":{"@type":"PropertyValueSpecification","valueRequired":true,"valueName":"search_term_string"}}],"inLanguage":"pt-PT"},{"@type":"Organization","@id":"https:\/\/verbumdei.org\/porto\/#organization","name":"Verbum Dei Portugal Norte","url":"https:\/\/verbumdei.org\/porto\/","logo":{"@type":"ImageObject","inLanguage":"pt-PT","@id":"https:\/\/verbumdei.org\/porto\/#\/schema\/logo\/image\/","url":"https:\/\/verbumdei.org\/porto\/wp-content\/uploads\/2018\/07\/Logo2.jpg","contentUrl":"https:\/\/verbumdei.org\/porto\/wp-content\/uploads\/2018\/07\/Logo2.jpg","width":123,"height":120,"caption":"Verbum Dei Portugal Norte"},"image":{"@id":"https:\/\/verbumdei.org\/porto\/#\/schema\/logo\/image\/"},"sameAs":["https:\/\/www.facebook.com\/vdportoaveiro\/","https:\/\/instagram.com\/verbumdei.portugal.norte\/"]}]}</script>
<!-- / Yoast SEO plugin. -->

Famílias Verbum Dei: Casais e namorados - Verbum Dei Norte

A Família Verbum Dei ajuda os namorados e os casais na descoberta da identidade de filhos amados por Deus, da vocação profissional, da vocação do matrimónio e na descoberta da maternidade e paternidade.Famílias Verbum Dei: Casais e namorados

Início

Missionários Verbum Dei no Porto e Aveiro: oração, retiro espiritual, formação cristã e evangelização
