{"id":268,"date":"2016-12-09T10:19:16","date_gmt":"2016-12-09T10:19:16","guid":{"rendered":"http:\/\/verbumdei.pt\/?page_id=268"},"modified":"2025-11-13T18:55:31","modified_gmt":"2025-11-13T17:55:31","slug":"grupos","status":"publish","type":"page","link":"https:\/\/verbumdei.org\/porto\/grupos\/","title":{"rendered":"Grupos"},"content":{"rendered":"<p class=\"font_6\"><strong><em><u><a href=\"https:\/\/verbumdei.org\/porto\/grupos\/casais\/\"><span style=\"color: #d43c18; font-size: medium;\">Casais<\/span><\/a><\/u><\/em><\/strong><\/p>\n<p class=\"font_9\" align=\"justify\">O Grupo de Casais procura que a ora\u00e7\u00e3o com a Palavra de Deus seja a base de toda a sua miss\u00e3o e parte integral da sua vida di\u00e1ria. Procuram, tamb\u00e9m, que esta viv\u00eancia da sua f\u00e9 n\u00e3o seja apenas uma rela\u00e7\u00e3o pessoal mas tamb\u00e9m comunit\u00e1ria. Os encontros s\u00e3o sempre no terceiro domingo do m\u00eas, no Porto \u00e9 no Conventinho das 15h \u00e0s 18h e em Aveiro \u00e9 no CUFC das 10 \u00e0s 13h<\/p>\n<p class=\"font_9\" align=\"justify\"><strong><em><u><span style=\"color: #d43c18; font-size: medium;\">Jovens VD<\/span><\/u><\/em><\/strong><\/p>\n<p class=\"font_9\" align=\"justify\">Grupo de jovens, com mais de 18 anos, estudantes ou trabalhadores, que formamos parte da FaMVD, com o desejo de construir a nossa vida num alicerce seguro: Jesus.<\/p>\n<p class=\"font_6\"><strong><em><u><span style=\"color: #d43c18; font-size: medium;\">Passo a Passo<\/span><\/u><\/em><\/strong><\/p>\n<p class=\"font_9\" align=\"justify\">Os que formamos parte do grupo queremos falar da experi\u00eancia que tivemos de Jesus aos jovens com a mesma linguagem e com os mesmos anseios deles. Assumimos a tarefa de alimentar a experi\u00eancia de cada lugar com as outras actividades de n\u00edvel nacional e internacional&#8230;<\/p>\n<p class=\"font_6\"><strong><em><u><span style=\"color: #d43c18; font-size: medium;\">Espa\u00e7o Ser<\/span><\/u><\/em><\/strong><\/p>\n<p class=\"font_9\" align=\"justify\">\u00c9 um espa\u00e7o aberto a todo o tipo de pessoas pertencentes ao mundo acad\u00e9mico (alunos, funcion\u00e1rios e professores) e que tem por objectivo proporcionar actividades que levem a um crescimento humano e espiritual.<\/p>\n<p class=\"font_9\" align=\"justify\"><strong><em><u><span style=\"color: #d43c18; font-size: medium;\">Grupo de Ora\u00e7\u00e3o<\/span><\/u><\/em><\/strong><\/p>\n<p class=\"font_9\" align=\"justify\">Por mais capacidades que tenhamos, f\u00edsica e intelectuais s\u00f3 na simplicidade, no sil\u00eancio \u00e9 que nos podemos encontrar connosco mesmos e ouvir o que Deus nos quer dizer.<br \/>\nO que Deus querer\u00e1 dizer a cada um de n\u00f3s nestes dias de ora\u00e7\u00e3o? Vamos escut\u00e1-Lo?<\/p>\n","protected":false},"excerpt":{"rendered":"<p>Casais O Grupo de Casais procura que a ora\u00e7\u00e3o com a Palavra de Deus seja a base de toda a sua miss\u00e3o e parte integral da sua vida di\u00e1ria. Procuram,<a href=\"https:\/\/verbumdei.org\/porto\/grupos\/\" rel=\"bookmark\"><span class=\"screen-reader-text\">Grupos<\/span><\/a><\/p>\n","protected":false},"author":7,"featured_media":0,"parent":0,"menu_order":0,"comment_status":"closed","ping_status":"closed","template":"","meta":{"rop_custom_images_group":[],"rop_custom_messages_group":[],"rop_publish_now":"initial","rop_publish_now_accounts":[],"rop_publish_now_history":[],"rop_publish_now_status":"pending","neve_meta_sidebar":"","neve_meta_container":"","neve_meta_enable_content_width":"off","neve_meta_content_width":100,"neve_meta_title_alignment":"","neve_meta_author_avatar":"","neve_post_elements_order":"","neve_meta_disable_header":"","neve_meta_disable_footer":"","neve_meta_disable_title":"","_themeisle_gutenberg_block_has_review":false,"footnotes":""},"class_list":["post-268","page","type-page","status-publish","hentry"],"yoast_head":"<!-- This site is optimized with the Yoast SEO plugin v27.5 - https:\/\/yoast.com\/product\/yoast-seo-wordpress\/ -->\n<title>Grupos - Verbum Dei Norte<\/title>\n<meta name=\"robots\" content=\"index, follow, max-snippet:-1, max-image-preview:large, max-video-preview:-1\" \/>\n<link rel=\"canonical\" href=\"https:\/\/verbumdei.org\/porto\/grupos\/\" \/>\n<meta property=\"og:locale\" content=\"pt_PT\" \/>\n<meta property=\"og:type\" content=\"article\" \/>\n<meta property=\"og:title\" content=\"Grupos - Verbum Dei Norte\" \/>\n<meta property=\"og:description\" content=\"Casais O Grupo de Casais procura que a ora\u00e7\u00e3o com a Palavra de Deus seja a base de toda a sua miss\u00e3o e parte integral da sua vida di\u00e1ria. Procuram,Grupos\" \/>\n<meta property=\"og:url\" content=\"https:\/\/verbumdei.org\/porto\/grupos\/\" \/>\n<meta property=\"og:site_name\" content=\"Verbum Dei Norte\" \/>\n<meta property=\"article:publisher\" content=\"https:\/\/www.facebook.com\/vdportoaveiro\/\" \/>\n<meta property=\"article:modified_time\" content=\"2025-11-13T17:55:31+00:00\" \/>\n<meta name=\"twitter:card\" content=\"summary_large_image\" \/>\n<meta name=\"twitter:label1\" content=\"Tempo estimado de leitura\" \/>\n\t<meta name=\"twitter:data1\" content=\"2 minutos\" \/>\n<script type=\"application\/ld+json\" class=\"yoast-schema-graph\">{\"@context\":\"https:\\\/\\\/schema.org\",\"@graph\":[{\"@type\":\"WebPage\",\"@id\":\"https:\\\/\\\/verbumdei.org\\\/porto\\\/grupos\\\/\",\"url\":\"https:\\\/\\\/verbumdei.org\\\/porto\\\/grupos\\\/\",\"name\":\"Grupos - Verbum Dei Norte\",\"isPartOf\":{\"@id\":\"https:\\\/\\\/verbumdei.org\\\/porto\\\/#website\"},\"datePublished\":\"2016-12-09T10:19:16+00:00\",\"dateModified\":\"2025-11-13T17:55:31+00:00\",\"breadcrumb\":{\"@id\":\"https:\\\/\\\/verbumdei.org\\\/porto\\\/grupos\\\/#breadcrumb\"},\"inLanguage\":\"pt-PT\",\"potentialAction\":[{\"@type\":\"ReadAction\",\"target\":[\"https:\\\/\\\/verbumdei.org\\\/porto\\\/grupos\\\/\"]}]},{\"@type\":\"BreadcrumbList\",\"@id\":\"https:\\\/\\\/verbumdei.org\\\/porto\\\/grupos\\\/#breadcrumb\",\"itemListElement\":[{\"@type\":\"ListItem\",\"position\":1,\"name\":\"In\u00edcio\",\"item\":\"https:\\\/\\\/verbumdei.org\\\/porto\\\/\"},{\"@type\":\"ListItem\",\"position\":2,\"name\":\"Grupos\"}]},{\"@type\":\"WebSite\",\"@id\":\"https:\\\/\\\/verbumdei.org\\\/porto\\\/#website\",\"url\":\"https:\\\/\\\/verbumdei.org\\\/porto\\\/\",\"name\":\"Verbum Dei Portugal Norte\",\"description\":\"Mission\u00e1rios Verbum Dei no Porto e Aveiro: ora\u00e7\u00e3o, retiro espiritual, forma\u00e7\u00e3o crist\u00e3 e evangeliza\u00e7\u00e3o\",\"publisher\":{\"@id\":\"https:\\\/\\\/verbumdei.org\\\/porto\\\/#organization\"},\"potentialAction\":[{\"@type\":\"SearchAction\",\"target\":{\"@type\":\"EntryPoint\",\"urlTemplate\":\"https:\\\/\\\/verbumdei.org\\\/porto\\\/?s={search_term_string}\"},\"query-input\":{\"@type\":\"PropertyValueSpecification\",\"valueRequired\":true,\"valueName\":\"search_term_string\"}}],\"inLanguage\":\"pt-PT\"},{\"@type\":\"Organization\",\"@id\":\"https:\\\/\\\/verbumdei.org\\\/porto\\\/#organization\",\"name\":\"Verbum Dei Portugal Norte\",\"url\":\"https:\\\/\\\/verbumdei.org\\\/porto\\\/\",\"logo\":{\"@type\":\"ImageObject\",\"inLanguage\":\"pt-PT\",\"@id\":\"https:\\\/\\\/verbumdei.org\\\/porto\\\/#\\\/schema\\\/logo\\\/image\\\/\",\"url\":\"https:\\\/\\\/verbumdei.org\\\/porto\\\/wp-content\\\/uploads\\\/2018\\\/07\\\/Logo2.jpg\",\"contentUrl\":\"https:\\\/\\\/verbumdei.org\\\/porto\\\/wp-content\\\/uploads\\\/2018\\\/07\\\/Logo2.jpg\",\"width\":123,\"height\":120,\"caption\":\"Verbum Dei Portugal Norte\"},\"image\":{\"@id\":\"https:\\\/\\\/verbumdei.org\\\/porto\\\/#\\\/schema\\\/logo\\\/image\\\/\"},\"sameAs\":[\"https:\\\/\\\/www.facebook.com\\\/vdportoaveiro\\\/\",\"https:\\\/\\\/instagram.com\\\/verbumdei.portugal.norte\\\/\"]}]}<\/script>\n<!-- \/ Yoast SEO plugin. -->","yoast_head_json":{"title":"Grupos - Verbum Dei Norte","robots":{"index":"index","follow":"follow","max-snippet":"max-snippet:-1","max-image-preview":"max-image-preview:large","max-video-preview":"max-video-preview:-1"},"canonical":"https:\/\/verbumdei.org\/porto\/grupos\/","og_locale":"pt_PT","og_type":"article","og_title":"Grupos - Verbum Dei Norte","og_description":"Casais O Grupo de Casais procura que a ora\u00e7\u00e3o com a Palavra de Deus seja a base de toda a sua miss\u00e3o e parte integral da sua vida di\u00e1ria. Procuram,Grupos","og_url":"https:\/\/verbumdei.org\/porto\/grupos\/","og_site_name":"Verbum Dei Norte","article_publisher":"https:\/\/www.facebook.com\/vdportoaveiro\/","article_modified_time":"2025-11-13T17:55:31+00:00","twitter_card":"summary_large_image","twitter_misc":{"Tempo estimado de leitura":"2 minutos"},"schema":{"@context":"https:\/\/schema.org","@graph":[{"@type":"WebPage","@id":"https:\/\/verbumdei.org\/porto\/grupos\/","url":"https:\/\/verbumdei.org\/porto\/grupos\/","name":"Grupos - Verbum Dei Norte","isPartOf":{"@id":"https:\/\/verbumdei.org\/porto\/#website"},"datePublished":"2016-12-09T10:19:16+00:00","dateModified":"2025-11-13T17:55:31+00:00","breadcrumb":{"@id":"https:\/\/verbumdei.org\/porto\/grupos\/#breadcrumb"},"inLanguage":"pt-PT","potentialAction":[{"@type":"ReadAction","target":["https:\/\/verbumdei.org\/porto\/grupos\/"]}]},{"@type":"BreadcrumbList","@id":"https:\/\/verbumdei.org\/porto\/grupos\/#breadcrumb","itemListElement":[{"@type":"ListItem","position":1,"name":"In\u00edcio","item":"https:\/\/verbumdei.org\/porto\/"},{"@type":"ListItem","position":2,"name":"Grupos"}]},{"@type":"WebSite","@id":"https:\/\/verbumdei.org\/porto\/#website","url":"https:\/\/verbumdei.org\/porto\/","name":"Verbum Dei Portugal Norte","description":"Mission\u00e1rios Verbum Dei no Porto e Aveiro: ora\u00e7\u00e3o, retiro espiritual, forma\u00e7\u00e3o crist\u00e3 e evangeliza\u00e7\u00e3o","publisher":{"@id":"https:\/\/verbumdei.org\/porto\/#organization"},"potentialAction":[{"@type":"SearchAction","target":{"@type":"EntryPoint","urlTemplate":"https:\/\/verbumdei.org\/porto\/?s={search_term_string}"},"query-input":{"@type":"PropertyValueSpecification","valueRequired":true,"valueName":"search_term_string"}}],"inLanguage":"pt-PT"},{"@type":"Organization","@id":"https:\/\/verbumdei.org\/porto\/#organization","name":"Verbum Dei Portugal Norte","url":"https:\/\/verbumdei.org\/porto\/","logo":{"@type":"ImageObject","inLanguage":"pt-PT","@id":"https:\/\/verbumdei.org\/porto\/#\/schema\/logo\/image\/","url":"https:\/\/verbumdei.org\/porto\/wp-content\/uploads\/2018\/07\/Logo2.jpg","contentUrl":"https:\/\/verbumdei.org\/porto\/wp-content\/uploads\/2018\/07\/Logo2.jpg","width":123,"height":120,"caption":"Verbum Dei Portugal Norte"},"image":{"@id":"https:\/\/verbumdei.org\/porto\/#\/schema\/logo\/image\/"},"sameAs":["https:\/\/www.facebook.com\/vdportoaveiro\/","https:\/\/instagram.com\/verbumdei.portugal.norte\/"]}]}},"jetpack_sharing_enabled":true,"_links":{"self":[{"href":"https:\/\/verbumdei.org\/porto\/wp-json\/wp\/v2\/pages\/268","targetHints":{"allow":["GET"]}}],"collection":[{"href":"https:\/\/verbumdei.org\/porto\/wp-json\/wp\/v2\/pages"}],"about":[{"href":"https:\/\/verbumdei.org\/porto\/wp-json\/wp\/v2\/types\/page"}],"author":[{"embeddable":true,"href":"https:\/\/verbumdei.org\/porto\/wp-json\/wp\/v2\/users\/7"}],"replies":[{"embeddable":true,"href":"https:\/\/verbumdei.org\/porto\/wp-json\/wp\/v2\/comments?post=268"}],"version-history":[{"count":6,"href":"https:\/\/verbumdei.org\/porto\/wp-json\/wp\/v2\/pages\/268\/revisions"}],"predecessor-version":[{"id":10000,"href":"https:\/\/verbumdei.org\/porto\/wp-json\/wp\/v2\/pages\/268\/revisions\/10000"}],"wp:attachment":[{"href":"https:\/\/verbumdei.org\/porto\/wp-json\/wp\/v2\/media?parent=268"}],"curies":[{"name":"wp","href":"https:\/\/api.w.org\/{rel}","templated":true}]}}

<p class="font_6"><strong><em><u><a href="https://verbumdei.org/porto/grupos/casais/"><span style="color: #d43c18; font-size: medium;">Casais</span></a></u></em></strong></p>
<p class="font_9" align="justify">O Grupo de Casais procura que a oração com a Palavra de Deus seja a base de toda a sua missão e parte integral da sua vida diária. Procuram, também, que esta vivência da sua fé não seja apenas uma relação pessoal mas também comunitária. Os encontros são sempre no terceiro domingo do mês, no Porto é no Conventinho das 15h às 18h e em Aveiro é no CUFC das 10 às 13h</p>
<p class="font_9" align="justify"><strong><em><u><span style="color: #d43c18; font-size: medium;">Jovens VD</span></u></em></strong></p>
<p class="font_9" align="justify">Grupo de jovens, com mais de 18 anos, estudantes ou trabalhadores, que formamos parte da FaMVD, com o desejo de construir a nossa vida num alicerce seguro: Jesus.</p>
<p class="font_6"><strong><em><u><span style="color: #d43c18; font-size: medium;">Passo a Passo</span></u></em></strong></p>
<p class="font_9" align="justify">Os que formamos parte do grupo queremos falar da experiência que tivemos de Jesus aos jovens com a mesma linguagem e com os mesmos anseios deles. Assumimos a tarefa de alimentar a experiência de cada lugar com as outras actividades de nível nacional e internacional&#8230;</p>
<p class="font_6"><strong><em><u><span style="color: #d43c18; font-size: medium;">Espaço Ser</span></u></em></strong></p>
<p class="font_9" align="justify">É um espaço aberto a todo o tipo de pessoas pertencentes ao mundo académico (alunos, funcionários e professores) e que tem por objectivo proporcionar actividades que levem a um crescimento humano e espiritual.</p>
<p class="font_9" align="justify"><strong><em><u><span style="color: #d43c18; font-size: medium;">Grupo de Oração</span></u></em></strong></p>
<p class="font_9" align="justify">Por mais capacidades que tenhamos, física e intelectuais só na simplicidade, no silêncio é que nos podemos encontrar connosco mesmos e ouvir o que Deus nos quer dizer.<br />
O que Deus quererá dizer a cada um de nós nestes dias de oração? Vamos escutá-Lo?</p>

<p>Casais O Grupo de Casais procura que a oração com a Palavra de Deus seja a base de toda a sua missão e parte integral da sua vida diária. Procuram,<a href="https://verbumdei.org/porto/grupos/" rel="bookmark"><span class="screen-reader-text">Grupos</span></a></p>

<!-- This site is optimized with the Yoast SEO plugin v27.5 - https://yoast.com/product/yoast-seo-wordpress/ -->
<title>Grupos - Verbum Dei Norte</title>
<meta name="robots" content="index, follow, max-snippet:-1, max-image-preview:large, max-video-preview:-1" />
<link rel="canonical" href="https://verbumdei.org/porto/grupos/" />
<meta property="og:locale" content="pt_PT" />
<meta property="og:type" content="article" />
<meta property="og:title" content="Grupos - Verbum Dei Norte" />
<meta property="og:description" content="Casais O Grupo de Casais procura que a oração com a Palavra de Deus seja a base de toda a sua missão e parte integral da sua vida diária. Procuram,Grupos" />
<meta property="og:url" content="https://verbumdei.org/porto/grupos/" />
<meta property="og:site_name" content="Verbum Dei Norte" />
<meta property="article:publisher" content="https://www.facebook.com/vdportoaveiro/" />
<meta property="article:modified_time" content="2025-11-13T17:55:31+00:00" />
<meta name="twitter:card" content="summary_large_image" />
<meta name="twitter:label1" content="Tempo estimado de leitura" />
	<meta name="twitter:data1" content="2 minutos" />
<script type="application/ld+json" class="yoast-schema-graph">{"@context":"https:\/\/schema.org","@graph":[{"@type":"WebPage","@id":"https:\/\/verbumdei.org\/porto\/grupos\/","url":"https:\/\/verbumdei.org\/porto\/grupos\/","name":"Grupos - Verbum Dei Norte","isPartOf":{"@id":"https:\/\/verbumdei.org\/porto\/#website"},"datePublished":"2016-12-09T10:19:16+00:00","dateModified":"2025-11-13T17:55:31+00:00","breadcrumb":{"@id":"https:\/\/verbumdei.org\/porto\/grupos\/#breadcrumb"},"inLanguage":"pt-PT","potentialAction":[{"@type":"ReadAction","target":["https:\/\/verbumdei.org\/porto\/grupos\/"]}]},{"@type":"BreadcrumbList","@id":"https:\/\/verbumdei.org\/porto\/grupos\/#breadcrumb","itemListElement":[{"@type":"ListItem","position":1,"name":"Início","item":"https:\/\/verbumdei.org\/porto\/"},{"@type":"ListItem","position":2,"name":"Grupos"}]},{"@type":"WebSite","@id":"https:\/\/verbumdei.org\/porto\/#website","url":"https:\/\/verbumdei.org\/porto\/","name":"Verbum Dei Portugal Norte","description":"Missionários Verbum Dei no Porto e Aveiro: oração, retiro espiritual, formação cristã e evangelização","publisher":{"@id":"https:\/\/verbumdei.org\/porto\/#organization"},"potentialAction":[{"@type":"SearchAction","target":{"@type":"EntryPoint","urlTemplate":"https:\/\/verbumdei.org\/porto\/?s={search_term_string}"},"query-input":{"@type":"PropertyValueSpecification","valueRequired":true,"valueName":"search_term_string"}}],"inLanguage":"pt-PT"},{"@type":"Organization","@id":"https:\/\/verbumdei.org\/porto\/#organization","name":"Verbum Dei Portugal Norte","url":"https:\/\/verbumdei.org\/porto\/","logo":{"@type":"ImageObject","inLanguage":"pt-PT","@id":"https:\/\/verbumdei.org\/porto\/#\/schema\/logo\/image\/","url":"https:\/\/verbumdei.org\/porto\/wp-content\/uploads\/2018\/07\/Logo2.jpg","contentUrl":"https:\/\/verbumdei.org\/porto\/wp-content\/uploads\/2018\/07\/Logo2.jpg","width":123,"height":120,"caption":"Verbum Dei Portugal Norte"},"image":{"@id":"https:\/\/verbumdei.org\/porto\/#\/schema\/logo\/image\/"},"sameAs":["https:\/\/www.facebook.com\/vdportoaveiro\/","https:\/\/instagram.com\/verbumdei.portugal.norte\/"]}]}</script>
<!-- / Yoast SEO plugin. -->

Casais O Grupo de Casais procura que a oração com a Palavra de Deus seja a base de toda a sua missão e parte integral da sua vida diária. Procuram,Grupos

Início

Missionários Verbum Dei no Porto e Aveiro: oração, retiro espiritual, formação cristã e evangelização
